Last updated on 2023-03-30 05:49:21 CEST.
Flavor | Version | Tinstall | Tcheck | Ttotal | Status | Flags |
---|---|---|---|---|---|---|
r-devel-linux-x86_64-debian-clang | 1.1 | 25.68 | 207.84 | 233.52 | OK | |
r-devel-linux-x86_64-debian-gcc | 1.1 | 20.32 | 152.88 | 173.20 | OK | |
r-devel-linux-x86_64-fedora-clang | 1.1 | 274.59 | OK | |||
r-devel-linux-x86_64-fedora-gcc | 1.1 | 284.32 | OK | |||
r-devel-windows-x86_64 | 1.1 | 36.00 | 0.00 | 36.00 | OK | |
r-patched-linux-x86_64 | 1.1 | 16.15 | 193.50 | 209.65 | OK | |
r-release-linux-x86_64 | 1.1 | 16.30 | 193.46 | 209.76 | OK | |
r-release-macos-arm64 | 1.1 | 63.00 | OK | |||
r-release-macos-x86_64 | 1.1 | 102.00 | OK | |||
r-release-windows-x86_64 | 1.1 | 30.00 | 222.00 | 252.00 | OK | |
r-oldrel-macos-arm64 | 1.1 | 59.00 | OK | |||
r-oldrel-macos-x86_64 | 1.1 | 100.00 | OK | |||
r-oldrel-windows-ix86+x86_64 | 1.1 | 49.00 | 218.00 | 267.00 | NOTE |
Version: 1.1
Check: R code for possible problems
Result: NOTE
Initiating curl with CURL_SSL_BACKEND: openssl
Flavor: r-oldrel-windows-ix86+x86_64