CRAN Package Check Results for Package RMAT

Last updated on 2022-01-28 00:49:06 CET.

Flavor Version Tinstall Tcheck Ttotal Status Flags
r-devel-linux-x86_64-debian-clang 0.2.0 4.37 53.03 57.40 OK
r-devel-linux-x86_64-debian-gcc 0.2.0 3.06 39.74 42.80 OK
r-devel-linux-x86_64-fedora-clang 0.2.0 69.14 NOTE
r-devel-linux-x86_64-fedora-gcc 0.2.0 56.53 NOTE
r-devel-windows-x86_64-new-UL 0.2.0 28.00 71.00 99.00 OK
r-devel-windows-x86_64-new-TK 0.2.0 NOTE
r-patched-linux-x86_64 0.2.0 3.06 48.64 51.70 OK
r-release-linux-x86_64 0.2.0 3.05 48.09 51.14 OK
r-release-macos-arm64 0.2.0 NOTE
r-release-macos-x86_64 0.2.0 NOTE
r-release-windows-ix86+x86_64 0.2.0 11.00 63.00 74.00 OK
r-oldrel-macos-x86_64 0.2.0 NOTE
r-oldrel-windows-ix86+x86_64 0.2.0 12.00 61.00 73.00 OK

Check Details

Version: 0.2.0
Check: dependencies in R code
Result: NOTE
    Namespace in Imports field not imported from: ‘magrittr’
     All declared Imports should be used.
Flavors: r-devel-linux-x86_64-fedora-clang, r-devel-linux-x86_64-fedora-gcc, r-devel-windows-x86_64-new-TK, r-release-macos-arm64, r-release-macos-x86_64, r-oldrel-macos-x86_64