CRAN Package Check Results for Package RKHSMetaMod

Last updated on 2022-07-03 05:49:59 CEST.

Flavor Version Tinstall Tcheck Ttotal Status Flags
r-devel-linux-x86_64-debian-clang 1.1 229.14 33.28 262.42 OK
r-devel-linux-x86_64-debian-gcc 1.1 191.80 29.63 221.43 OK
r-devel-linux-x86_64-fedora-clang 1.1 421.84 NOTE
r-devel-linux-x86_64-fedora-gcc 1.1 376.13 OK
r-devel-windows-x86_64 1.1 219.00 91.00 310.00 OK
r-patched-linux-x86_64 1.1 194.46 36.27 230.73 OK
r-release-linux-x86_64 1.1 191.41 36.63 228.04 OK
r-release-macos-arm64 1.1 82.00 NOTE
r-release-macos-x86_64 1.1 110.00 NOTE
r-release-windows-x86_64 1.1 172.00 93.00 265.00 OK
r-oldrel-macos-arm64 1.1 101.00 NOTE
r-oldrel-macos-x86_64 1.1 163.00 NOTE
r-oldrel-windows-ix86+x86_64 1.1 499.00 102.00 601.00 OK

Additional issues

noSuggests

Check Details

Version: 1.1
Check: installed package size
Result: NOTE
     installed size is 18.0Mb
     sub-directories of 1Mb or more:
     libs 17.9Mb
Flavors: r-devel-linux-x86_64-fedora-clang, r-release-macos-arm64, r-release-macos-x86_64, r-oldrel-macos-arm64, r-oldrel-macos-x86_64