CRAN Package Check Results for Package RHRV

Last updated on 2021-12-06 11:52:06 CET.

Flavor Version Tinstall Tcheck Ttotal Status Flags
r-devel-linux-x86_64-debian-clang 4.2.6 15.18 128.08 143.26 OK
r-devel-linux-x86_64-debian-gcc 4.2.6 13.69 97.19 110.88 OK
r-devel-linux-x86_64-fedora-clang 4.2.6 172.98 NOTE
r-devel-linux-x86_64-fedora-gcc 4.2.6 163.65 OK
r-devel-windows-x86_64-new-UL 4.2.6 37.00 170.00 207.00 OK
r-devel-windows-x86_64-new-TK 4.2.6 OK
r-devel-windows-x86_64-old 4.2.6 25.00 108.00 133.00 OK
r-patched-linux-x86_64 4.2.6 18.74 112.01 130.75 OK
r-release-linux-x86_64 4.2.6 16.00 120.48 136.48 OK
r-release-macos-arm64 4.2.6 OK
r-release-macos-x86_64 4.2.6 OK
r-release-windows-ix86+x86_64 4.2.6 37.00 173.00 210.00 OK
r-oldrel-macos-x86_64 4.2.6 OK
r-oldrel-windows-ix86+x86_64 4.2.6 36.00 185.00 221.00 OK

Check Details

Version: 4.2.6
Check: Rd cross-references
Result: NOTE
    Undeclared packages ‘tseries’, ‘TSA’ in Rd xrefs
Flavor: r-devel-linux-x86_64-fedora-clang