CRAN Package Check Results for Package REPPlabShiny

Last updated on 2021-11-30 11:52:08 CET.

Flavor Version Tinstall Tcheck Ttotal Status Flags
r-devel-linux-x86_64-debian-clang 0.4.1 5.25 47.33 52.58 NOTE
r-devel-linux-x86_64-debian-gcc 0.4.1 4.48 36.63 41.11 NOTE
r-devel-linux-x86_64-fedora-clang 0.4.1 73.84 NOTE
r-devel-linux-x86_64-fedora-gcc 0.4.1 63.03 NOTE
r-devel-windows-x86_64-new-UL 0.4.1 12.00 95.00 107.00 NOTE
r-devel-windows-x86_64-new-TK 0.4.1 NOTE
r-devel-windows-x86_64-old 0.4.1 9.00 55.00 64.00 NOTE
r-patched-linux-x86_64 0.4.1 5.32 45.65 50.97 NOTE
r-patched-solaris-x86 0.4.1 105.30 NOTE
r-release-linux-x86_64 0.4.1 4.88 45.94 50.82 NOTE
r-release-macos-arm64 0.4.1 NOTE
r-release-macos-x86_64 0.4.1 NOTE
r-release-windows-ix86+x86_64 0.4.1 14.00 58.00 72.00 NOTE
r-oldrel-macos-x86_64 0.4.1 OK
r-oldrel-windows-ix86+x86_64 0.4.1 11.00 64.00 75.00 OK

Check Details

Version: 0.4.1
Check: LazyData
Result: NOTE
     'LazyData' is specified without a 'data' directory
Flavors: r-devel-linux-x86_64-debian-clang, r-devel-linux-x86_64-debian-gcc, r-devel-linux-x86_64-fedora-clang, r-devel-linux-x86_64-fedora-gcc, r-devel-windows-x86_64-new-UL, r-devel-windows-x86_64-new-TK, r-devel-windows-x86_64-old, r-patched-linux-x86_64, r-patched-solaris-x86, r-release-linux-x86_64, r-release-macos-arm64, r-release-macos-x86_64, r-release-windows-ix86+x86_64