Last updated on 2022-05-19 14:52:27 CEST.
Flavor | Version | Tinstall | Tcheck | Ttotal | Status | Flags |
---|---|---|---|---|---|---|
r-devel-linux-x86_64-debian-clang | 1.98-1.6 | 18.22 | 59.11 | 77.33 | NOTE | |
r-devel-linux-x86_64-debian-gcc | 1.98-1.6 | 16.69 | 44.90 | 61.59 | NOTE | |
r-devel-linux-x86_64-fedora-clang | 1.98-1.6 | 94.60 | NOTE | |||
r-devel-linux-x86_64-fedora-gcc | 1.98-1.6 | 89.53 | NOTE | |||
r-devel-windows-x86_64 | 1.98-1.6 | 94.00 | 142.00 | 236.00 | NOTE | |
r-patched-linux-x86_64 | 1.98-1.6 | 19.86 | 54.95 | 74.81 | NOTE | |
r-release-linux-x86_64 | 1.98-1.6 | 18.99 | 54.80 | 73.79 | NOTE | |
r-release-macos-arm64 | 1.98-1.6 | 61.00 | NOTE | |||
r-release-macos-x86_64 | 1.98-1.6 | 85.00 | NOTE | |||
r-release-windows-x86_64 | 1.98-1.6 | 51.00 | 137.00 | 188.00 | NOTE | |
r-oldrel-macos-arm64 | 1.98-1.6 | 70.00 | NOTE | |||
r-oldrel-macos-x86_64 | 1.98-1.6 | 83.00 | NOTE | |||
r-oldrel-windows-ix86+x86_64 | 1.98-1.6 | 50.00 | 133.00 | 183.00 | NOTE |
Version: 1.98-1.6
Check: for GNU extensions in Makefiles
Result: NOTE
GNU make is a SystemRequirements.
Flavors: r-devel-linux-x86_64-debian-clang, r-devel-linux-x86_64-debian-gcc, r-devel-linux-x86_64-fedora-clang, r-devel-linux-x86_64-fedora-gcc, r-devel-windows-x86_64, r-patched-linux-x86_64, r-release-linux-x86_64, r-release-macos-arm64, r-release-macos-x86_64, r-release-windows-x86_64, r-oldrel-macos-arm64, r-oldrel-macos-x86_64, r-oldrel-windows-ix86+x86_64
Version: 1.98-1.6
Check: installed package size
Result: NOTE
installed size is 8.2Mb
sub-directories of 1Mb or more:
libs 6.2Mb
Flavors: r-devel-windows-x86_64, r-release-windows-x86_64, r-oldrel-windows-ix86+x86_64