Last updated on 2022-07-04 05:50:15 CEST.
Flavor | Version | Tinstall | Tcheck | Ttotal | Status | Flags |
---|---|---|---|---|---|---|
r-devel-linux-x86_64-debian-clang | 0.2.1 | 3.30 | 412.59 | 415.89 | NOTE | |
r-devel-linux-x86_64-debian-gcc | 0.2.1 | 2.37 | 430.68 | 433.05 | NOTE | |
r-devel-linux-x86_64-fedora-clang | 0.2.1 | 514.69 | NOTE | |||
r-devel-linux-x86_64-fedora-gcc | 0.2.1 | 512.19 | NOTE | |||
r-devel-windows-x86_64 | 0.2.1 | 15.00 | 598.00 | 613.00 | NOTE | |
r-patched-linux-x86_64 | 0.2.1 | 2.59 | 399.87 | 402.46 | NOTE | |
r-release-linux-x86_64 | 0.2.1 | 3.12 | 408.53 | 411.65 | NOTE | |
r-release-macos-arm64 | 0.2.1 | 67.00 | NOTE | |||
r-release-macos-x86_64 | 0.2.1 | 78.00 | NOTE | |||
r-release-windows-x86_64 | 0.2.1 | 17.00 | 618.00 | 635.00 | NOTE | |
r-oldrel-macos-arm64 | 0.2.1 | 64.00 | NOTE | |||
r-oldrel-macos-x86_64 | 0.2.1 | 72.00 | NOTE | |||
r-oldrel-windows-ix86+x86_64 | 0.2.1 | 6.00 | 482.00 | 488.00 | NOTE |
Version: 0.2.1
Check: LazyData
Result: NOTE
'LazyData' is specified without a 'data' directory
Flavors: r-devel-linux-x86_64-debian-clang, r-devel-linux-x86_64-debian-gcc, r-devel-linux-x86_64-fedora-clang, r-devel-linux-x86_64-fedora-gcc, r-devel-windows-x86_64, r-patched-linux-x86_64, r-release-linux-x86_64, r-release-macos-arm64, r-release-macos-x86_64, r-release-windows-x86_64, r-oldrel-macos-arm64, r-oldrel-macos-x86_64, r-oldrel-windows-ix86+x86_64