CRAN Package Check Results for Package RCT

Last updated on 2021-06-20 09:50:04 CEST.

Flavor Version Tinstall Tcheck Ttotal Status Flags
r-devel-linux-x86_64-debian-clang 1.1 5.54 61.12 66.66 NOTE
r-devel-linux-x86_64-debian-gcc 1.1 4.71 45.43 50.14 NOTE
r-devel-linux-x86_64-fedora-clang 1.1 86.50 NOTE
r-devel-linux-x86_64-fedora-gcc 1.1 76.76 NOTE
r-devel-windows-x86_64 1.1 11.00 80.00 91.00 NOTE
r-devel-windows-x86_64-gcc10-UCRT 1.1 NOTE
r-patched-linux-x86_64 1.1 5.34 56.59 61.93 NOTE
r-patched-solaris-x86 1.1 111.50 NOTE
r-release-linux-x86_64 1.1 5.77 56.54 62.31 NOTE
r-release-macos-arm64 1.1 NOTE
r-release-macos-x86_64 1.1 NOTE
r-release-windows-ix86+x86_64 1.1 14.00 81.00 95.00 NOTE
r-oldrel-macos-x86_64 1.1 OK
r-oldrel-windows-ix86+x86_64 1.1 9.00 63.00 72.00 OK

Check Details

Version: 1.1
Check: LazyData
Result: NOTE
     'LazyData' is specified without a 'data' directory
Flavors: r-devel-linux-x86_64-debian-clang, r-devel-linux-x86_64-debian-gcc, r-devel-linux-x86_64-fedora-clang, r-devel-linux-x86_64-fedora-gcc, r-devel-windows-x86_64, r-devel-windows-x86_64-gcc10-UCRT, r-patched-linux-x86_64, r-patched-solaris-x86, r-release-linux-x86_64, r-release-macos-arm64, r-release-macos-x86_64, r-release-windows-ix86+x86_64

Version: 1.1
Check: package dependencies
Result: NOTE
    Package suggested but not available for checking: 'qpdf'
Flavor: r-devel-windows-x86_64-gcc10-UCRT