CRAN Package Check Results for Package RCSL

Last updated on 2021-06-13 21:48:23 CEST.

Flavor Version Tinstall Tcheck Ttotal Status Flags
r-devel-linux-x86_64-debian-clang 0.99.95 17.86 155.58 173.44 OK
r-devel-linux-x86_64-debian-gcc 0.99.95 13.01 116.50 129.51 OK
r-devel-linux-x86_64-fedora-clang 0.99.95 220.80 NOTE
r-devel-linux-x86_64-fedora-gcc 0.99.95 197.96 NOTE
r-devel-windows-x86_64 0.99.95 19.00 184.00 203.00 OK
r-devel-windows-x86_64-gcc10-UCRT 0.99.95 NOTE
r-patched-linux-x86_64 0.99.95 17.11 148.66 165.77 OK
r-patched-solaris-x86 0.99.95 1450.50 NOTE
r-release-linux-x86_64 0.99.95 15.25 147.12 162.37 OK
r-release-macos-arm64 0.99.95 ERROR
r-release-macos-x86_64 0.99.95 NOTE
r-release-windows-ix86+x86_64 0.99.95 41.00 182.00 223.00 OK
r-oldrel-macos-x86_64 0.99.95 NOTE
r-oldrel-windows-ix86+x86_64 0.99.95 44.00 187.00 231.00 OK

Check Details

Version: 0.99.95
Check: dependencies in R code
Result: NOTE
    Namespaces in Imports field not imported from:
     ‘SingleCellExperiment’ ‘mclust’
     All declared Imports should be used.
Flavors: r-devel-linux-x86_64-fedora-clang, r-devel-linux-x86_64-fedora-gcc, r-devel-windows-x86_64-gcc10-UCRT, r-release-macos-x86_64, r-oldrel-macos-x86_64

Version: 0.99.95
Check: R code for possible problems
Result: NOTE
    PlotMST: no visible binding for global variable ‘X1’
    PlotMST: no visible binding for global variable ‘X2’
    PlotMST: no visible binding for global variable ‘label’
    PlotMST: no visible binding for global variable ‘from.x’
    PlotMST: no visible binding for global variable ‘to.x’
    PlotMST: no visible binding for global variable ‘from.y’
    PlotMST: no visible binding for global variable ‘to.y’
    PlotMST: no visible binding for global variable ‘V1’
    PlotMST: no visible binding for global variable ‘V2’
    PlotPseudoTime: no visible binding for global variable ‘x’
    PlotPseudoTime: no visible binding for global variable ‘y’
    PlotPseudoTime: no visible binding for global variable ‘Timepoint’
    PlotTrajectory: no visible binding for global variable ‘X1’
    PlotTrajectory: no visible binding for global variable ‘X2’
    PlotTrajectory: no visible binding for global variable ‘label’
    PlotTrajectory: no visible binding for global variable ‘x’
    PlotTrajectory: no visible binding for global variable ‘y’
    Undefined global functions or variables:
     Timepoint V1 V2 X1 X2 from.x from.y label to.x to.y x y
Flavor: r-patched-solaris-x86

Version: 0.99.95
Check: for unstated dependencies in vignettes
Result: NOTE
    'library' or 'require' call not declared from: ‘SingleCellExperiment’
Flavor: r-patched-solaris-x86

Version: 0.99.95
Check: package dependencies
Result: ERROR
    Package required but not available: ‘SingleCellExperiment’
    
    See section ‘The DESCRIPTION file’ in the ‘Writing R Extensions’
    manual.
Flavor: r-release-macos-arm64