CRAN Package Check Results for Package RAthena

Last updated on 2021-06-17 21:52:53 CEST.

Flavor Version Tinstall Tcheck Ttotal Status Flags
r-devel-linux-x86_64-debian-clang 2.0.1 11.81 115.47 127.28 NOTE
r-devel-linux-x86_64-debian-gcc 2.0.1 9.38 86.91 96.29 NOTE
r-devel-linux-x86_64-fedora-clang 2.0.1 168.77 NOTE
r-devel-linux-x86_64-fedora-gcc 2.0.1 159.44 NOTE
r-devel-windows-x86_64 2.0.1 20.00 148.00 168.00 NOTE
r-devel-windows-x86_64-gcc10-UCRT 2.0.1 NOTE
r-patched-linux-x86_64 2.0.1 14.54 108.17 122.71 NOTE
r-patched-solaris-x86 2.0.1 208.90 NOTE
r-release-linux-x86_64 2.0.1 12.79 108.97 121.76 NOTE
r-release-macos-arm64 2.0.1 NOTE
r-release-macos-x86_64 2.0.1 NOTE
r-release-windows-ix86+x86_64 2.0.1 27.00 151.00 178.00 NOTE
r-oldrel-macos-x86_64 2.0.1 OK
r-oldrel-windows-ix86+x86_64 2.0.1 17.00 155.00 172.00 OK

Check Details

Version: 2.0.1
Check: LazyData
Result: NOTE
     'LazyData' is specified without a 'data' directory
Flavors: r-devel-linux-x86_64-debian-clang, r-devel-linux-x86_64-debian-gcc, r-devel-linux-x86_64-fedora-clang, r-devel-linux-x86_64-fedora-gcc, r-devel-windows-x86_64, r-devel-windows-x86_64-gcc10-UCRT, r-patched-linux-x86_64, r-patched-solaris-x86, r-release-linux-x86_64, r-release-macos-arm64, r-release-macos-x86_64, r-release-windows-ix86+x86_64

Version: 2.0.1
Check: package dependencies
Result: NOTE
    Package suggested but not available for checking: 'arrow'
Flavor: r-devel-windows-x86_64-gcc10-UCRT