CRAN Package Check Results for Package RANKS

Last updated on 2022-01-25 12:55:44 CET.

Flavor Version Tinstall Tcheck Ttotal Status Flags
r-devel-linux-x86_64-debian-clang 1.0 8.34 91.69 100.03 OK
r-devel-linux-x86_64-debian-gcc 1.0 6.36 76.36 82.72 OK
r-devel-linux-x86_64-fedora-clang 1.0 118.75 NOTE
r-devel-linux-x86_64-fedora-gcc 1.0 111.16 NOTE
r-devel-windows-x86_64-new-UL 1.0 37.00 114.00 151.00 OK
r-devel-windows-x86_64-new-TK 1.0 OK
r-patched-linux-x86_64 1.0 6.62 87.78 94.40 OK
r-release-linux-x86_64 1.0 6.69 88.28 94.97 OK
r-release-macos-arm64 1.0 OK
r-release-macos-x86_64 1.0 OK
r-release-windows-ix86+x86_64 1.0 19.00 170.00 189.00 OK
r-oldrel-macos-x86_64 1.0 OK
r-oldrel-windows-ix86+x86_64 1.0 16.00 158.00 174.00 OK

Check Details

Version: 1.0
Check: compiled code
Result: NOTE
    File ‘RANKS/libs/RANKS.so’:
     Found no calls to: ‘R_registerRoutines’, ‘R_useDynamicSymbols’
    
    It is good practice to register native routines and to disable symbol
    search.
    
    See ‘Writing portable packages’ in the ‘Writing R Extensions’ manual.
Flavors: r-devel-linux-x86_64-fedora-clang, r-devel-linux-x86_64-fedora-gcc