CRAN Package Check Results for Package R62S3

Last updated on 2021-07-25 07:50:14 CEST.

Flavor Version Tinstall Tcheck Ttotal Status Flags
r-devel-linux-x86_64-debian-clang 1.4.1 1.95 23.73 25.68 NOTE
r-devel-linux-x86_64-debian-gcc 1.4.1 1.61 18.75 20.36 NOTE
r-devel-linux-x86_64-fedora-clang 1.4.1 40.55 NOTE
r-devel-linux-x86_64-fedora-gcc 1.4.1 29.83 NOTE
r-devel-windows-x86_64 1.4.1 3.00 33.00 36.00 NOTE
r-devel-windows-x86_64-gcc10-UCRT 1.4.1 NOTE
r-patched-linux-x86_64 1.4.1 1.88 23.15 25.03 NOTE
r-patched-solaris-x86 1.4.1 46.80 NOTE
r-release-linux-x86_64 1.4.1 1.78 22.97 24.75 NOTE
r-release-macos-arm64 1.4.1 NOTE
r-release-macos-x86_64 1.4.1 NOTE
r-release-windows-ix86+x86_64 1.4.1 5.00 30.00 35.00 NOTE
r-oldrel-macos-x86_64 1.4.1 OK
r-oldrel-windows-ix86+x86_64 1.4.1 34.00 37.00 71.00 OK

Check Details

Version: 1.4.1
Check: LazyData
Result: NOTE
     'LazyData' is specified without a 'data' directory
Flavors: r-devel-linux-x86_64-debian-clang, r-devel-linux-x86_64-debian-gcc, r-devel-linux-x86_64-fedora-clang, r-devel-linux-x86_64-fedora-gcc, r-devel-windows-x86_64, r-devel-windows-x86_64-gcc10-UCRT, r-patched-linux-x86_64, r-patched-solaris-x86, r-release-linux-x86_64, r-release-macos-arm64, r-release-macos-x86_64, r-release-windows-ix86+x86_64