CRAN Package Check Results for Package R2ucare

Last updated on 2021-07-25 07:50:13 CEST.

Flavor Version Tinstall Tcheck Ttotal Status Flags
r-devel-linux-x86_64-debian-clang 1.0.0 5.14 483.69 488.83 NOTE
r-devel-linux-x86_64-debian-gcc 1.0.0 4.28 331.56 335.84 NOTE
r-devel-linux-x86_64-fedora-clang 1.0.0 533.51 NOTE
r-devel-linux-x86_64-fedora-gcc 1.0.0 554.20 NOTE
r-devel-windows-x86_64 1.0.0 8.00 433.00 441.00 NOTE
r-devel-windows-x86_64-gcc10-UCRT 1.0.0 NOTE
r-patched-linux-x86_64 1.0.0 5.58 451.91 457.49 NOTE
r-release-linux-x86_64 1.0.0 4.30 444.96 449.26 NOTE
r-release-macos-arm64 1.0.0 NOTE
r-release-macos-x86_64 1.0.0 NOTE
r-release-windows-ix86+x86_64 1.0.0 9.00 386.00 395.00 NOTE
r-oldrel-macos-x86_64 1.0.0 OK
r-oldrel-windows-ix86+x86_64 1.0.0 10.00 535.00 545.00 OK

Check Details

Version: 1.0.0
Check: LazyData
Result: NOTE
     'LazyData' is specified without a 'data' directory
Flavors: r-devel-linux-x86_64-debian-clang, r-devel-linux-x86_64-debian-gcc, r-devel-linux-x86_64-fedora-clang, r-devel-linux-x86_64-fedora-gcc, r-devel-windows-x86_64, r-devel-windows-x86_64-gcc10-UCRT, r-patched-linux-x86_64, r-release-linux-x86_64, r-release-macos-arm64, r-release-macos-x86_64, r-release-windows-ix86+x86_64