CRAN Package Check Results for Package R2BayesX

Last updated on 2021-08-01 19:51:41 CEST.

Flavor Version Tinstall Tcheck Ttotal Status Flags
r-devel-linux-x86_64-debian-clang 1.1-1 22.00 140.89 162.89 OK
r-devel-linux-x86_64-debian-gcc 1.1-1 15.49 104.69 120.18 OK
r-devel-linux-x86_64-fedora-clang 1.1-1 199.34 NOTE
r-devel-linux-x86_64-fedora-gcc 1.1-1 191.01 OK
r-devel-windows-x86_64 1.1-1 23.00 183.00 206.00 OK
r-devel-windows-x86_64-gcc10-UCRT 1.1-1 OK
r-patched-linux-x86_64 1.1-1 OK
r-patched-solaris-x86 1.1-1 250.30 OK
r-release-linux-x86_64 1.1-1 19.55 134.35 153.90 OK
r-release-macos-arm64 1.1-1 OK
r-release-macos-x86_64 1.1-1 OK
r-release-windows-ix86+x86_64 1.1-1 41.00 164.00 205.00 OK
r-oldrel-macos-x86_64 1.1-1 OK
r-oldrel-windows-ix86+x86_64 1.1-1 32.00 224.00 256.00 OK

Check Details

Version: 1.1-1
Check: Rd cross-references
Result: NOTE
    Undeclared package ‘fields’ in Rd xrefs
Flavor: r-devel-linux-x86_64-fedora-clang