CRAN Package Check Results for Package R2BEAT

Last updated on 2021-10-16 04:57:39 CEST.

Flavor Version Tinstall Tcheck Ttotal Status Flags
r-devel-linux-x86_64-debian-clang 1.0.3 11.35 77.39 88.74 NOTE
r-devel-linux-x86_64-debian-gcc 1.0.3 7.67 57.02 64.69 NOTE
r-devel-linux-x86_64-fedora-clang 1.0.3 112.84 NOTE
r-devel-linux-x86_64-fedora-gcc 1.0.3 101.87 NOTE
r-devel-windows-x86_64 1.0.3 24.00 83.00 107.00 NOTE
r-devel-windows-x86_64-gcc10-UCRT 1.0.3 NOTE
r-patched-linux-x86_64 1.0.3 10.62 74.93 85.55 NOTE
r-patched-solaris-x86 1.0.3 140.10 NOTE
r-release-linux-x86_64 1.0.3 10.48 73.99 84.47 NOTE
r-release-macos-arm64 1.0.3 NOTE
r-release-macos-x86_64 1.0.3 NOTE
r-release-windows-ix86+x86_64 1.0.3 23.00 102.00 125.00 NOTE
r-oldrel-macos-x86_64 1.0.3 NOTE
r-oldrel-windows-ix86+x86_64 1.0.3 23.00 103.00 126.00 NOTE

Check Details

Version: 1.0.3
Check: package dependencies
Result: NOTE
    Package suggested but not available for checking: 'ReGenesees'
Flavors: r-devel-linux-x86_64-debian-clang, r-devel-linux-x86_64-debian-gcc, r-devel-linux-x86_64-fedora-clang, r-devel-linux-x86_64-fedora-gcc, r-devel-windows-x86_64, r-devel-windows-x86_64-gcc10-UCRT, r-patched-linux-x86_64, r-patched-solaris-x86, r-release-linux-x86_64, r-release-macos-arm64, r-release-macos-x86_64, r-release-windows-ix86+x86_64, r-oldrel-macos-x86_64, r-oldrel-windows-ix86+x86_64