Last updated on 2023-03-31 05:54:32 CEST.
Flavor | Version | Tinstall | Tcheck | Ttotal | Status | Flags |
---|---|---|---|---|---|---|
r-devel-linux-x86_64-debian-clang | 3.4 | 43.07 | 164.43 | 207.50 | OK | |
r-devel-linux-x86_64-debian-gcc | 3.4 | 34.11 | 120.21 | 154.32 | OK | |
r-devel-linux-x86_64-fedora-clang | 3.4 | 252.45 | OK | |||
r-devel-linux-x86_64-fedora-gcc | 3.4 | 253.15 | OK | |||
r-devel-windows-x86_64 | 3.4 | 48.00 | 0.00 | 48.00 | NOTE | |
r-patched-linux-x86_64 | 3.4 | 38.84 | 154.73 | 193.57 | OK | |
r-release-linux-x86_64 | 3.4 | 28.44 | 149.92 | 178.36 | OK | |
r-release-macos-arm64 | 3.4 | 63.00 | OK | |||
r-release-macos-x86_64 | 3.4 | 112.00 | OK | |||
r-release-windows-x86_64 | 3.4 | 46.00 | 233.00 | 279.00 | NOTE | |
r-oldrel-macos-arm64 | 3.4 | 71.00 | NOTE | |||
r-oldrel-macos-x86_64 | 3.4 | 83.00 | OK | |||
r-oldrel-windows-ix86+x86_64 | 3.4 | 86.00 | 262.00 | 348.00 | NOTE |
Version: 3.4
Check: installed package size
Result: NOTE
installed size is 5.0Mb
sub-directories of 1Mb or more:
extdata 3.0Mb
libs 1.0Mb
Flavors: r-devel-windows-x86_64, r-release-windows-x86_64, r-oldrel-macos-arm64, r-oldrel-windows-ix86+x86_64