CRAN Package Check Results for Package QCApro

Last updated on 2021-09-21 16:51:43 CEST.

Flavor Version Tinstall Tcheck Ttotal Status Flags
r-devel-linux-x86_64-debian-clang 1.1-2 12.41 70.06 82.47 OK
r-devel-linux-x86_64-debian-gcc 1.1-2 9.31 53.18 62.49 OK
r-devel-linux-x86_64-fedora-clang 1.1-2 108.68 OK
r-devel-linux-x86_64-fedora-gcc 1.1-2 98.07 OK
r-devel-windows-x86_64 1.1-2 17.00 66.00 83.00 OK
r-devel-windows-x86_64-gcc10-UCRT 1.1-2 ERROR
r-patched-linux-x86_64 1.1-2 11.32 68.54 79.86 OK
r-patched-solaris-x86 1.1-2 117.60 OK
r-release-linux-x86_64 1.1-2 11.31 67.76 79.07 OK
r-release-macos-arm64 1.1-2 OK
r-release-macos-x86_64 1.1-2 OK
r-release-windows-ix86+x86_64 1.1-2 26.00 101.00 127.00 OK
r-oldrel-macos-x86_64 1.1-2 OK
r-oldrel-windows-ix86+x86_64 1.1-2 25.00 74.00 99.00 OK

Check Details

Version: 1.1-2
Check: whether package can be installed
Result: ERROR
    Installation failed.
Flavor: r-devel-windows-x86_64-gcc10-UCRT