CRAN Package Check Results for Package QAIG

Last updated on 2021-07-25 07:50:13 CEST.

Flavor Version Tinstall Tcheck Ttotal Status Flags
r-devel-linux-x86_64-debian-clang 0.1.7 2.23 26.84 29.07 NOTE
r-devel-linux-x86_64-debian-gcc 0.1.7 1.66 21.39 23.05 NOTE
r-devel-linux-x86_64-fedora-clang 0.1.7 43.88 NOTE
r-devel-linux-x86_64-fedora-gcc 0.1.7 34.43 NOTE
r-devel-windows-x86_64 0.1.7 4.00 32.00 36.00 NOTE
r-devel-windows-x86_64-gcc10-UCRT 0.1.7 NOTE
r-patched-linux-x86_64 0.1.7 2.23 25.97 28.20 NOTE
r-patched-solaris-x86 0.1.7 53.70 NOTE
r-release-linux-x86_64 0.1.7 1.96 26.56 28.52 NOTE
r-release-macos-arm64 0.1.7 NOTE
r-release-macos-x86_64 0.1.7 NOTE
r-release-windows-ix86+x86_64 0.1.7 5.00 34.00 39.00 NOTE
r-oldrel-macos-x86_64 0.1.7 OK
r-oldrel-windows-ix86+x86_64 0.1.7 6.00 42.00 48.00 OK

Check Details

Version: 0.1.7
Check: LazyData
Result: NOTE
     'LazyData' is specified without a 'data' directory
Flavors: r-devel-linux-x86_64-debian-clang, r-devel-linux-x86_64-debian-gcc, r-devel-linux-x86_64-fedora-clang, r-devel-linux-x86_64-fedora-gcc, r-devel-windows-x86_64, r-devel-windows-x86_64-gcc10-UCRT, r-patched-linux-x86_64, r-patched-solaris-x86, r-release-linux-x86_64, r-release-macos-arm64, r-release-macos-x86_64, r-release-windows-ix86+x86_64