CRAN Package Check Results for Package ProfoundData

Last updated on 2021-11-30 11:52:06 CET.

Flavor Version Tinstall Tcheck Ttotal Status Flags
r-devel-linux-x86_64-debian-clang 0.2.1 7.99 59.23 67.22 NOTE
r-devel-linux-x86_64-debian-gcc 0.2.1 6.74 46.45 53.19 NOTE
r-devel-linux-x86_64-fedora-clang 0.2.1 96.93 NOTE
r-devel-linux-x86_64-fedora-gcc 0.2.1 82.29 NOTE
r-devel-windows-x86_64-new-UL 0.2.1 17.00 101.00 118.00 NOTE
r-devel-windows-x86_64-new-TK 0.2.1 NOTE
r-devel-windows-x86_64-old 0.2.1 13.00 63.00 76.00 NOTE
r-patched-linux-x86_64 0.2.1 12.03 58.37 70.40 NOTE
r-patched-solaris-x86 0.2.1 117.40 NOTE
r-release-linux-x86_64 0.2.1 8.38 58.19 66.57 NOTE
r-release-macos-arm64 0.2.1 NOTE
r-release-macos-x86_64 0.2.1 NOTE
r-release-windows-ix86+x86_64 0.2.1 17.00 87.00 104.00 NOTE
r-oldrel-macos-x86_64 0.2.1 OK
r-oldrel-windows-ix86+x86_64 0.2.1 13.00 64.00 77.00 OK

Check Details

Version: 0.2.1
Check: LazyData
Result: NOTE
     'LazyData' is specified without a 'data' directory
Flavors: r-devel-linux-x86_64-debian-clang, r-devel-linux-x86_64-debian-gcc, r-devel-linux-x86_64-fedora-clang, r-devel-linux-x86_64-fedora-gcc, r-devel-windows-x86_64-new-UL, r-devel-windows-x86_64-new-TK, r-devel-windows-x86_64-old, r-patched-linux-x86_64, r-patched-solaris-x86, r-release-linux-x86_64, r-release-macos-arm64, r-release-macos-x86_64, r-release-windows-ix86+x86_64