CRAN Package Check Results for Package ProbReco

Last updated on 2022-01-27 12:53:59 CET.

Flavor Version Tinstall Tcheck Ttotal Status Flags
r-devel-linux-x86_64-debian-clang 0.1.0.1 47.75 79.10 126.85 OK
r-devel-linux-x86_64-debian-gcc 0.1.0.1 43.01 63.34 106.35 OK
r-devel-linux-x86_64-fedora-clang 0.1.0.1 170.16 NOTE
r-devel-linux-x86_64-fedora-gcc 0.1.0.1 169.73 NOTE
r-devel-windows-x86_64-new-UL 0.1.0.1 58.00 129.00 187.00 OK
r-devel-windows-x86_64-new-TK 0.1.0.1 NOTE
r-patched-linux-x86_64 0.1.0.1 55.23 79.99 135.22 OK
r-release-linux-x86_64 0.1.0.1 46.81 78.79 125.60 OK
r-release-macos-arm64 0.1.0.1 NOTE
r-release-macos-x86_64 0.1.0.1 NOTE
r-release-windows-ix86+x86_64 0.1.0.1 139.00 128.00 267.00 OK
r-oldrel-macos-x86_64 0.1.0.1 NOTE
r-oldrel-windows-ix86+x86_64 0.1.0.1 138.00 133.00 271.00 OK

Check Details

Version: 0.1.0.1
Check: installed package size
Result: NOTE
     installed size is 5.4Mb
     sub-directories of 1Mb or more:
     libs 5.0Mb
Flavors: r-devel-linux-x86_64-fedora-clang, r-release-macos-arm64, r-release-macos-x86_64, r-oldrel-macos-x86_64

Version: 0.1.0.1
Check: dependencies in R code
Result: NOTE
    Namespace in Imports field not imported from: ‘Rdpack’
     All declared Imports should be used.
Flavors: r-devel-linux-x86_64-fedora-clang, r-devel-linux-x86_64-fedora-gcc, r-devel-windows-x86_64-new-TK, r-release-macos-arm64, r-release-macos-x86_64, r-oldrel-macos-x86_64