Last updated on 2022-08-14 21:53:18 CEST.
Flavor | Version | Tinstall | Tcheck | Ttotal | Status | Flags |
---|---|---|---|---|---|---|
r-devel-linux-x86_64-debian-clang | 0.1.0.1 | 54.99 | 76.63 | 131.62 | OK | |
r-devel-linux-x86_64-debian-gcc | 0.1.0.1 | 48.50 | 61.77 | 110.27 | OK | |
r-devel-linux-x86_64-fedora-clang | 0.1.0.1 | 177.45 | NOTE | |||
r-devel-linux-x86_64-fedora-gcc | 0.1.0.1 | 193.87 | NOTE | |||
r-devel-windows-x86_64 | 0.1.0.1 | 48.00 | 126.00 | 174.00 | OK | |
r-patched-linux-x86_64 | 0.1.0.1 | 53.32 | 78.71 | 132.03 | OK | |
r-release-linux-x86_64 | 0.1.0.1 | 50.45 | 77.83 | 128.28 | OK | |
r-release-macos-arm64 | 0.1.0.1 | 47.00 | NOTE | |||
r-release-macos-x86_64 | 0.1.0.1 | 62.00 | NOTE | |||
r-release-windows-x86_64 | 0.1.0.1 | 465.00 | 127.00 | 592.00 | OK | |
r-oldrel-macos-arm64 | 0.1.0.1 | 57.00 | NOTE | |||
r-oldrel-macos-x86_64 | 0.1.0.1 | 104.00 | NOTE | |||
r-oldrel-windows-ix86+x86_64 | 0.1.0.1 | 151.00 | 138.00 | 289.00 | OK |
Version: 0.1.0.1
Check: dependencies in R code
Result: NOTE
Namespace in Imports field not imported from: ‘Rdpack’
All declared Imports should be used.
Flavors: r-devel-linux-x86_64-fedora-clang, r-devel-linux-x86_64-fedora-gcc, r-release-macos-arm64, r-release-macos-x86_64, r-oldrel-macos-arm64, r-oldrel-macos-x86_64
Version: 0.1.0.1
Check: installed package size
Result: NOTE
installed size is 12.8Mb
sub-directories of 1Mb or more:
libs 12.5Mb
Flavors: r-release-macos-arm64, r-release-macos-x86_64, r-oldrel-macos-arm64, r-oldrel-macos-x86_64