Last updated on 2022-07-05 05:52:59 CEST.
Flavor | Version | Tinstall | Tcheck | Ttotal | Status | Flags |
---|---|---|---|---|---|---|
r-devel-linux-x86_64-debian-clang | 1.14.1 | 76.90 | 102.84 | 179.74 | OK | |
r-devel-linux-x86_64-debian-gcc | 1.14.1 | 57.16 | 75.58 | 132.74 | OK | |
r-devel-linux-x86_64-fedora-clang | 1.14.1 | 255.91 | NOTE | |||
r-devel-linux-x86_64-fedora-gcc | 1.14.1 | 224.72 | OK | |||
r-devel-windows-x86_64 | 1.14.1 | 111.00 | 171.00 | 282.00 | NOTE | |
r-patched-linux-x86_64 | 1.14.1 | 65.53 | 92.73 | 158.26 | OK | |
r-release-linux-x86_64 | 1.14.1 | 59.11 | 95.07 | 154.18 | OK | |
r-release-macos-arm64 | 1.14.1 | 60.00 | NOTE | |||
r-release-macos-x86_64 | 1.14.1 | 85.00 | NOTE | |||
r-release-windows-x86_64 | 1.14.1 | 174.00 | 168.00 | 342.00 | NOTE | |
r-oldrel-macos-arm64 | 1.14.1 | 123.00 | NOTE | |||
r-oldrel-macos-x86_64 | 1.14.1 | 136.00 | NOTE | |||
r-oldrel-windows-ix86+x86_64 | 1.14.1 | 162.00 | 161.00 | 323.00 | NOTE |
Version: 1.14.1
Check: installed package size
Result: NOTE
installed size is 6.0Mb
sub-directories of 1Mb or more:
data 1.7Mb
extdata 1.2Mb
libs 2.0Mb
Flavors: r-devel-linux-x86_64-fedora-clang, r-devel-windows-x86_64, r-release-macos-arm64, r-release-macos-x86_64, r-release-windows-x86_64, r-oldrel-macos-arm64, r-oldrel-macos-x86_64, r-oldrel-windows-ix86+x86_64
Version: 1.14.1
Check: package dependencies
Result: NOTE
Package suggested but not available for checking: ‘EBImage’
Flavors: r-release-macos-arm64, r-oldrel-macos-arm64