CRAN Package Check Results for Package PreciseSums

Last updated on 2021-07-25 07:50:13 CEST.

Flavor Version Tinstall Tcheck Ttotal Status Flags
r-devel-linux-x86_64-debian-clang 0.4 3.08 21.78 24.86 NOTE
r-devel-linux-x86_64-debian-gcc 0.4 2.09 17.45 19.54 NOTE
r-devel-linux-x86_64-fedora-clang 0.4 39.14 NOTE
r-devel-linux-x86_64-fedora-gcc 0.4 28.38 NOTE
r-devel-windows-x86_64 0.4 5.00 32.00 37.00 NOTE
r-devel-windows-x86_64-gcc10-UCRT 0.4 NOTE
r-patched-linux-x86_64 0.4 2.61 21.27 23.88 NOTE
r-patched-solaris-x86 0.4 44.50 NOTE
r-release-linux-x86_64 0.4 2.51 21.28 23.79 NOTE
r-release-macos-arm64 0.4 NOTE
r-release-macos-x86_64 0.4 NOTE
r-release-windows-ix86+x86_64 0.4 10.00 34.00 44.00 NOTE
r-oldrel-macos-x86_64 0.4 OK
r-oldrel-windows-ix86+x86_64 0.4 34.00 43.00 77.00 OK

Check Details

Version: 0.4
Check: LazyData
Result: NOTE
     'LazyData' is specified without a 'data' directory
Flavors: r-devel-linux-x86_64-debian-clang, r-devel-linux-x86_64-debian-gcc, r-devel-linux-x86_64-fedora-clang, r-devel-linux-x86_64-fedora-gcc, r-devel-windows-x86_64, r-devel-windows-x86_64-gcc10-UCRT, r-patched-linux-x86_64, r-patched-solaris-x86, r-release-linux-x86_64, r-release-macos-arm64, r-release-macos-x86_64, r-release-windows-ix86+x86_64