CRAN Package Check Results for Package PoweR

Last updated on 2022-01-23 00:57:21 CET.

Flavor Version Tinstall Tcheck Ttotal Status Flags
r-devel-linux-x86_64-debian-clang 1.0.7 33.56 69.77 103.33 OK
r-devel-linux-x86_64-debian-gcc 1.0.7 30.88 52.64 83.52 OK
r-devel-linux-x86_64-fedora-clang 1.0.7 138.94 NOTE
r-devel-linux-x86_64-fedora-gcc 1.0.7 126.56 NOTE
r-devel-windows-x86_64-new-UL 1.0.7 181.00 133.00 314.00 OK
r-devel-windows-x86_64-new-TK 1.0.7 NOTE
r-patched-linux-x86_64 1.0.7 36.80 66.37 103.17 OK
r-release-linux-x86_64 1.0.7 30.54 66.56 97.10 OK
r-release-macos-arm64 1.0.7 OK
r-release-macos-x86_64 1.0.7 OK
r-release-windows-ix86+x86_64 1.0.7 81.00 124.00 205.00 OK
r-oldrel-macos-x86_64 1.0.7 OK
r-oldrel-windows-ix86+x86_64 1.0.7 82.00 126.00 208.00 OK

Check Details

Version: 1.0.7
Check: compiled code
Result: NOTE
    File ‘PoweR/libs/PoweR.so’:
     Found non-API call to R: ‘call_R’
    
    Compiled code should not call non-API entry points in R.
    
    See ‘Writing portable packages’ in the ‘Writing R Extensions’ manual.
Flavors: r-devel-linux-x86_64-fedora-clang, r-devel-linux-x86_64-fedora-gcc

Version: 1.0.7
Check: compiled code
Result: NOTE
    File 'PoweR/libs/x64/PoweR.dll':
     Found non-API call to R: 'call_R'
    
    Compiled code should not call non-API entry points in R.
    
    See 'Writing portable packages' in the 'Writing R Extensions' manual.
Flavor: r-devel-windows-x86_64-new-TK