CRAN Package Check Results for Package PoA

Last updated on 2021-06-16 21:51:51 CEST.

Flavor Version Tinstall Tcheck Ttotal Status Flags
r-devel-linux-x86_64-debian-clang 1.2.1 3.60 40.69 44.29 NOTE
r-devel-linux-x86_64-debian-gcc 1.2.1 2.56 30.77 33.33 NOTE
r-devel-linux-x86_64-fedora-clang 1.2.1 62.25 NOTE
r-devel-linux-x86_64-fedora-gcc 1.2.1 50.35 NOTE
r-devel-windows-x86_64 1.2.1 8.00 58.00 66.00 NOTE
r-devel-windows-x86_64-gcc10-UCRT 1.2.1 NOTE
r-patched-linux-x86_64 1.2.1 3.99 38.06 42.05 NOTE
r-patched-solaris-x86 1.2.1 75.90 NOTE
r-release-linux-x86_64 1.2.1 3.60 38.50 42.10 NOTE
r-release-macos-arm64 1.2.1 NOTE
r-release-macos-x86_64 1.2.1 NOTE
r-release-windows-ix86+x86_64 1.2.1 10.00 58.00 68.00 NOTE
r-oldrel-macos-x86_64 1.2.1 OK
r-oldrel-windows-ix86+x86_64 1.2.1 7.00 49.00 56.00 OK

Check Details

Version: 1.2.1
Check: LazyData
Result: NOTE
     'LazyData' is specified without a 'data' directory
Flavors: r-devel-linux-x86_64-debian-clang, r-devel-linux-x86_64-debian-gcc, r-devel-linux-x86_64-fedora-clang, r-devel-linux-x86_64-fedora-gcc, r-devel-windows-x86_64, r-devel-windows-x86_64-gcc10-UCRT, r-patched-linux-x86_64, r-patched-solaris-x86, r-release-linux-x86_64, r-release-macos-arm64, r-release-macos-x86_64, r-release-windows-ix86+x86_64