CRAN Package Check Results for Package PlanetNICFI

Last updated on 2021-10-23 05:51:37 CEST.

Flavor Version Tinstall Tcheck Ttotal Status Flags
r-devel-linux-x86_64-debian-clang 1.0.3 24.87 249.87 274.74 OK
r-devel-linux-x86_64-debian-gcc 1.0.3 21.61 185.49 207.10 OK
r-devel-linux-x86_64-fedora-clang 1.0.3 356.69 OK
r-devel-linux-x86_64-fedora-gcc 1.0.3 324.40 OK
r-devel-windows-x86_64 1.0.3 40.00 274.00 314.00 OK
r-devel-windows-x86_64-gcc10-UCRT 1.0.3 ERROR
r-patched-linux-x86_64 1.0.3 24.83 238.67 263.50 OK
r-patched-solaris-x86 1.0.3 386.90 OK
r-release-linux-x86_64 1.0.3 24.82 239.95 264.77 OK
r-release-macos-arm64 1.0.3 OK
r-release-macos-x86_64 1.0.3 OK
r-release-windows-ix86+x86_64 1.0.3 45.00 273.00 318.00 OK
r-oldrel-macos-x86_64 1.0.3 OK
r-oldrel-windows-ix86+x86_64 1.0.3 31.00 139.00 170.00 OK

Check Details

Version: 1.0.3
Check: examples
Result: ERROR
    Running examples in 'PlanetNICFI-Ex.R' failed
    The error most likely occurred in:
    
    > ### Name: proj_info_extract
    > ### Title: Extract the Projection from a (virtual) raster file
    > ### Aliases: proj_info_extract
    >
    > ### ** Examples
    >
    >
    > require(PlanetNICFI)
    >
    > pth_vrt = system.file('data_files/virt_rast.vrt', package = "PlanetNICFI")
    >
    > proj_info = proj_info_extract(path_to_raster = pth_vrt)
    Warning in gdal_setInstallation(ignore.full_scan = ignore.full_scan, verbose = verbose) :
     No GDAL installation found. Please install 'gdal' before continuing:
     - www.gdal.org (no HDF4 support!)
     - trac.osgeo.org/osgeo4w/ (with HDF4 support RECOMMENDED)
     - www.fwtools.maptools.org (with HDF4 support)
    
    Warning in gdal_setInstallation(ignore.full_scan = ignore.full_scan, verbose = verbose) :
     If you think GDAL is installed, please run:
    gdal_setInstallation(ignore.full_scan=FALSE)
    Error in proj_info_extract(path_to_raster = pth_vrt) :
     trying to get slot "projargs" from an object of a basic class ("NULL") with no slots
    Execution halted
Flavor: r-devel-windows-x86_64-gcc10-UCRT

Version: 1.0.3
Check: tests
Result: ERROR
     Running 'testthat.R'
    Running the tests in 'tests/testthat.R' failed.
    Complete output:
     > library(testthat)
     > library(PlanetNICFI)
     >
     > test_check("PlanetNICFI")
     ══ Failed tests ════════════════════════════════════════════════════════════════
     ── Error (test-planet_nicfi.R:30:3): the 'proj_info_extract()' function is of type character and it starts with the term '+proj' ──
     Error in `proj_info_extract(path_to_raster = pth_vrt)`: trying to get slot "projargs" from an object of a basic class ("NULL") with no slots
     Backtrace:
     █
     1. └─PlanetNICFI::proj_info_extract(path_to_raster = pth_vrt) test-planet_nicfi.R:30:2
    
     [ FAIL 1 | WARN 3 | SKIP 0 | PASS 1 ]
     Error: Test failures
     Execution halted
Flavor: r-devel-windows-x86_64-gcc10-UCRT