CRAN Package Check Results for Package PhageCocktail

Last updated on 2021-10-21 04:58:40 CEST.

Flavor Version Tinstall Tcheck Ttotal Status Flags
r-devel-linux-x86_64-debian-clang 1.0.0 15.78 107.82 123.60 OK
r-devel-linux-x86_64-debian-gcc 1.0.0 10.73 81.74 92.47 OK
r-devel-linux-x86_64-fedora-clang 1.0.0 164.13 OK
r-devel-linux-x86_64-fedora-gcc 1.0.0 142.95 OK
r-devel-windows-x86_64 1.0.0 23.00 130.00 153.00 OK
r-devel-windows-x86_64-gcc10-UCRT 1.0.0 ERROR
r-patched-linux-x86_64 1.0.0 12.82 101.81 114.63 OK
r-patched-solaris-x86 1.0.0 206.40 OK
r-release-linux-x86_64 1.0.0 10.60 102.07 112.67 OK
r-release-macos-arm64 1.0.0 OK
r-release-macos-x86_64 1.0.0 OK
r-release-windows-ix86+x86_64 1.0.0 35.00 131.00 166.00 OK
r-oldrel-macos-x86_64 1.0.0 OK
r-oldrel-windows-ix86+x86_64 1.0.0 38.00 129.00 167.00 OK

Check Details

Version: 1.0.0
Check: package dependencies
Result: ERROR
    Package required but not available: 'bipartite'
    
    See section 'The DESCRIPTION file' in the 'Writing R Extensions'
    manual.
Flavor: r-devel-windows-x86_64-gcc10-UCRT