CRAN Package Check Results for Package PermAlgo

Last updated on 2021-12-03 11:51:57 CET.

Flavor Version Tinstall Tcheck Ttotal Status Flags
r-devel-linux-x86_64-debian-clang 1.1 1.88 26.51 28.39 NOTE
r-devel-linux-x86_64-debian-gcc 1.1 1.61 21.35 22.96 NOTE
r-devel-linux-x86_64-fedora-clang 1.1 46.10 NOTE
r-devel-linux-x86_64-fedora-gcc 1.1 36.19 NOTE
r-devel-windows-x86_64-new-UL 1.1 5.00 64.00 69.00 NOTE
r-devel-windows-x86_64-new-TK 1.1 NOTE
r-devel-windows-x86_64-old 1.1 4.00 33.00 37.00 NOTE
r-patched-linux-x86_64 1.1 1.86 26.19 28.05 NOTE
r-patched-solaris-x86 1.1 56.10 NOTE
r-release-linux-x86_64 1.1 1.87 26.07 27.94 NOTE
r-release-macos-arm64 1.1 NOTE
r-release-macos-x86_64 1.1 NOTE
r-release-windows-ix86+x86_64 1.1 5.00 43.00 48.00 NOTE
r-oldrel-macos-x86_64 1.1 FAIL
r-oldrel-windows-ix86+x86_64 1.1 5.00 40.00 45.00 NOTE

Check Details

Version: 1.1
Check: R code for possible problems
Result: NOTE
    permalgorithm: no visible global function definition for 'is'
    Undefined global functions or variables:
     is
    Consider adding
     importFrom("methods", "is")
    to your NAMESPACE file (and ensure that your DESCRIPTION Imports field
    contains 'methods').
Flavors: r-devel-linux-x86_64-debian-clang, r-devel-linux-x86_64-debian-gcc, r-devel-linux-x86_64-fedora-clang, r-devel-linux-x86_64-fedora-gcc, r-devel-windows-x86_64-new-UL, r-devel-windows-x86_64-new-TK, r-devel-windows-x86_64-old, r-patched-linux-x86_64, r-patched-solaris-x86, r-release-linux-x86_64, r-release-macos-arm64, r-release-macos-x86_64, r-release-windows-ix86+x86_64, r-oldrel-macos-x86_64, r-oldrel-windows-ix86+x86_64

Version: 1.1
Check: Rd \usage sections
Result: FAIL
Flavor: r-oldrel-macos-x86_64