Last updated on 2023-02-09 03:56:18 CET.
Flavor | Version | Tinstall | Tcheck | Ttotal | Status | Flags |
---|---|---|---|---|---|---|
r-devel-linux-x86_64-debian-clang | 2.0.4 | 25.98 | 375.84 | 401.82 | NOTE | |
r-devel-linux-x86_64-debian-gcc | 2.0.4 | 23.92 | 276.75 | 300.67 | NOTE | |
r-devel-linux-x86_64-fedora-clang | 2.0.4 | 514.97 | NOTE | |||
r-devel-linux-x86_64-fedora-gcc | 2.0.4 | 501.11 | NOTE | |||
r-devel-windows-x86_64 | 2.0.4 | 635.00 | 318.00 | 953.00 | NOTE | --no-vignettes |
r-patched-linux-x86_64 | 2.0.4 | 25.31 | 352.11 | 377.42 | OK | |
r-release-linux-x86_64 | 2.0.4 | 25.78 | 342.09 | 367.87 | OK | |
r-release-macos-arm64 | 2.0.4 | 147.00 | OK | |||
r-release-macos-x86_64 | 2.0.4 | 214.00 | OK | |||
r-release-windows-x86_64 | 2.0.4 | 481.00 | 289.00 | 770.00 | OK | --no-vignettes |
r-oldrel-macos-arm64 | 2.0.4 | 186.00 | OK | |||
r-oldrel-macos-x86_64 | 2.0.4 | 342.00 | OK | |||
r-oldrel-windows-ix86+x86_64 | 2.0.4 | 48.00 | 425.00 | 473.00 | OK | --no-vignettes |
Version: 2.0.4
Check: Rd files
Result: NOTE
checkRd: (-1) CAPM.RiskPremium.Rd:67: Escaped LaTeX specials: \&
checkRd: (-1) chart.ECDF.Rd:31: Escaped LaTeX specials: \#
checkRd: (-1) managers.Rd:8: Escaped LaTeX specials: \&
Flavors: r-devel-linux-x86_64-debian-clang, r-devel-linux-x86_64-debian-gcc, r-devel-linux-x86_64-fedora-clang, r-devel-linux-x86_64-fedora-gcc
Version: 2.0.4
Check: Rd cross-references
Result: NOTE
Undeclared packages ‘timeSeries’, ‘tseries’, ‘car’, ‘gplots’ in Rd xrefs
Flavor: r-devel-linux-x86_64-fedora-clang
Version: 2.0.4
Flags: --no-vignettes
Check: Rd files
Result: NOTE
checkRd: (-1) CAPM.RiskPremium.Rd:67: Escaped LaTeX specials: \&
checkRd: (-1) chart.ECDF.Rd:31: Escaped LaTeX specials: \#
checkRd: (-1) managers.Rd:8: Escaped LaTeX specials: \&
Flavor: r-devel-windows-x86_64