Last updated on 2023-12-07 02:51:23 CET.
Flavor | Version | Tinstall | Tcheck | Ttotal | Status | Flags |
---|---|---|---|---|---|---|
r-devel-linux-x86_64-debian-clang | 2.0.4 | 25.85 | 364.33 | 390.18 | NOTE | |
r-devel-linux-x86_64-debian-gcc | 2.0.4 | 21.98 | 274.78 | 296.76 | NOTE | |
r-devel-linux-x86_64-fedora-clang | 2.0.4 | 523.63 | NOTE | |||
r-devel-linux-x86_64-fedora-gcc | 2.0.4 | 541.41 | NOTE | |||
r-devel-windows-x86_64 | 2.0.4 | 26.00 | 209.00 | 235.00 | NOTE | --no-vignettes |
r-patched-linux-x86_64 | 2.0.4 | 31.32 | 352.24 | 383.56 | NOTE | |
r-release-linux-x86_64 | 2.0.4 | 30.29 | 354.73 | 385.02 | NOTE | |
r-release-macos-arm64 | 2.0.4 | 186.00 | NOTE | |||
r-release-macos-x86_64 | 2.0.4 | 317.00 | NOTE | |||
r-release-windows-x86_64 | 2.0.4 | 32.00 | 240.00 | 272.00 | NOTE | --no-vignettes |
r-oldrel-macos-arm64 | 2.0.4 | 167.00 | OK | |||
r-oldrel-macos-x86_64 | 2.0.4 | 214.00 | OK | |||
r-oldrel-windows-x86_64 | 2.0.4 | 33.00 | 234.00 | 267.00 | OK | --no-vignettes |
Version: 2.0.4
Check: Rd files
Result: NOTE
checkRd: (-1) CAPM.RiskPremium.Rd:67: Escaped LaTeX specials: \&
checkRd: (-1) Return.portfolio.Rd:109: Lost braces in \itemize; meant \describe ?
checkRd: (-1) Return.portfolio.Rd:110-113: Lost braces in \itemize; meant \describe ?
checkRd: (-1) Return.portfolio.Rd:114-118: Lost braces in \itemize; meant \describe ?
checkRd: (-1) Return.portfolio.Rd:119-122: Lost braces in \itemize; meant \describe ?
checkRd: (-1) Return.portfolio.Rd:123-129: Lost braces in \itemize; meant \describe ?
checkRd: (-1) Return.portfolio.Rd:130-132: Lost braces in \itemize; meant \describe ?
checkRd: (-1) chart.ECDF.Rd:31: Escaped LaTeX specials: \#
checkRd: (-1) managers.Rd:8: Escaped LaTeX specials: \&
Flavors: r-devel-linux-x86_64-debian-clang, r-devel-linux-x86_64-debian-gcc
Version: 2.0.4
Check: Rd files
Result: NOTE
checkRd: (-1) CAPM.RiskPremium.Rd:67: Escaped LaTeX specials: \&
checkRd: (-1) chart.ECDF.Rd:31: Escaped LaTeX specials: \#
checkRd: (-1) managers.Rd:8: Escaped LaTeX specials: \&
Flavors: r-devel-linux-x86_64-fedora-clang, r-devel-linux-x86_64-fedora-gcc, r-patched-linux-x86_64, r-release-linux-x86_64, r-release-macos-arm64, r-release-macos-x86_64
Version: 2.0.4
Check: Rd cross-references
Result: NOTE
Undeclared packages ‘timeSeries’, ‘tseries’, ‘car’, ‘gplots’ in Rd xrefs
Flavor: r-devel-linux-x86_64-fedora-clang
Version: 2.0.4
Flags: --no-vignettes
Check: Rd files
Result: NOTE
checkRd: (-1) CAPM.RiskPremium.Rd:67: Escaped LaTeX specials: \&
checkRd: (-1) chart.ECDF.Rd:31: Escaped LaTeX specials: \#
checkRd: (-1) managers.Rd:8: Escaped LaTeX specials: \&
Flavors: r-devel-windows-x86_64, r-release-windows-x86_64