CRAN Package Check Results for Package Peptides

Last updated on 2022-10-04 11:50:18 CEST.

Flavor Version Tinstall Tcheck Ttotal Status Flags
r-devel-linux-x86_64-debian-clang 2.4.4 18.24 40.26 58.50 NOTE
r-devel-linux-x86_64-debian-gcc 2.4.4 13.33 30.92 44.25 NOTE
r-devel-linux-x86_64-fedora-clang 2.4.4 95.83 NOTE
r-devel-linux-x86_64-fedora-gcc 2.4.4 82.78 NOTE
r-devel-windows-x86_64 2.4.4 43.00 92.00 135.00 NOTE
r-patched-linux-x86_64 2.4.4 15.75 37.12 52.87 OK
r-release-linux-x86_64 2.4.4 15.59 36.91 52.50 OK
r-release-macos-arm64 2.4.4 29.00 OK
r-release-macos-x86_64 2.4.4 38.00 OK
r-release-windows-x86_64 2.4.4 44.00 88.00 132.00 OK
r-oldrel-macos-arm64 2.4.4 33.00 OK
r-oldrel-macos-x86_64 2.4.4 54.00 OK
r-oldrel-windows-ix86+x86_64 2.4.4 50.00 91.00 141.00 NOTE

Check Details

Version: 2.4.4
Check: package subdirectories
Result: NOTE
    Problems with news in 'NEWS.md':
    No news entries found.
Flavors: r-devel-linux-x86_64-debian-clang, r-devel-linux-x86_64-debian-gcc, r-devel-linux-x86_64-fedora-clang, r-devel-linux-x86_64-fedora-gcc, r-devel-windows-x86_64

Version: 2.4.4
Check: installed package size
Result: NOTE
     installed size is 5.5Mb
     sub-directories of 1Mb or more:
     libs 2.0Mb
     xvg-files 3.2Mb
Flavor: r-oldrel-windows-ix86+x86_64