CRAN Package Check Results for Package PanelMatch

Last updated on 2021-08-02 07:51:58 CEST.

Flavor Version Tinstall Tcheck Ttotal Status Flags
r-devel-linux-x86_64-debian-clang 1.0.0 62.64 267.45 330.09 OK
r-devel-linux-x86_64-debian-gcc 1.0.0 46.14 194.06 240.20 OK
r-devel-linux-x86_64-fedora-clang 1.0.0 396.91 OK
r-devel-linux-x86_64-fedora-gcc 1.0.0 369.78 OK
r-devel-windows-x86_64 1.0.0 62.00 294.00 356.00 OK
r-devel-windows-x86_64-gcc10-UCRT 1.0.0 OK
r-patched-linux-x86_64 1.0.0 OK
r-patched-solaris-x86 1.0.0 492.40 OK
r-release-linux-x86_64 1.0.0 57.23 242.35 299.58 OK
r-release-macos-arm64 1.0.0 WARN
r-release-macos-x86_64 1.0.0 OK
r-release-windows-ix86+x86_64 1.0.0 147.00 422.00 569.00 OK
r-oldrel-macos-x86_64 1.0.0 OK
r-oldrel-windows-ix86+x86_64 1.0.0 103.00 453.00 556.00 OK

Check Details

Version: 1.0.0
Check: installed package size
Result: NOTE
     installed size is 5.0Mb
     sub-directories of 1Mb or more:
     doc 2.1Mb
     libs 2.5Mb
Flavor: r-release-macos-arm64

Version: 1.0.0
Check: re-building of vignette outputs
Result: WARN
    Error(s) in re-building vignettes:
     ...
    --- re-building ‘using_panelmatch.Rmd’ using rmarkdown
    Warning in engine$weave(file, quiet = quiet, encoding = enc) :
     Pandoc (>= 1.12.3) not available. Falling back to R Markdown v1.
    Quitting from lines 31-36 (using_panelmatch.Rmd)
    Error: processing vignette 'using_panelmatch.Rmd' failed with diagnostics:
    polygon edge not found
    --- failed re-building ‘using_panelmatch.Rmd’
    
    SUMMARY: processing the following file failed:
     ‘using_panelmatch.Rmd’
    
    Error: Vignette re-building failed.
    Execution halted
Flavor: r-release-macos-arm64