CRAN Package Check Results for Package PakPC2017

Last updated on 2021-10-18 04:54:28 CEST.

Flavor Version Tinstall Tcheck Ttotal Status Flags
r-devel-linux-x86_64-debian-clang 1.0.0 7.05 50.06 57.11 OK
r-devel-linux-x86_64-debian-gcc 1.0.0 6.11 38.71 44.82 OK
r-devel-linux-x86_64-fedora-clang 1.0.0 79.84 NOTE
r-devel-linux-x86_64-fedora-gcc 1.0.0 70.08 NOTE
r-devel-windows-x86_64 1.0.0 12.00 70.00 82.00 OK
r-devel-windows-x86_64-gcc10-UCRT 1.0.0 NOTE
r-patched-linux-x86_64 1.0.0 7.05 46.90 53.95 OK
r-patched-solaris-x86 1.0.0 102.70 NOTE
r-release-linux-x86_64 1.0.0 6.40 46.98 53.38 OK
r-release-macos-arm64 1.0.0 NOTE
r-release-macos-x86_64 1.0.0 NOTE
r-release-windows-ix86+x86_64 1.0.0 11.00 72.00 83.00 OK
r-oldrel-macos-x86_64 1.0.0 NOTE
r-oldrel-windows-ix86+x86_64 1.0.0 16.00 71.00 87.00 OK

Check Details

Version: 1.0.0
Check: dependencies in R code
Result: NOTE
    Namespace in Imports field not imported from: ‘stats’
     All declared Imports should be used.
Flavors: r-devel-linux-x86_64-fedora-clang, r-devel-linux-x86_64-fedora-gcc, r-devel-windows-x86_64-gcc10-UCRT, r-patched-solaris-x86, r-release-macos-arm64, r-release-macos-x86_64, r-oldrel-macos-x86_64