CRAN Package Check Results for Package PReMiuM

Last updated on 2021-10-23 05:51:38 CEST.

Flavor Version Tinstall Tcheck Ttotal Status Flags
r-devel-linux-x86_64-debian-clang 3.2.7 111.41 319.91 431.32 OK
r-devel-linux-x86_64-debian-gcc 3.2.7 90.24 235.72 325.96 OK
r-devel-linux-x86_64-fedora-clang 3.2.7 560.45 NOTE
r-devel-linux-x86_64-fedora-gcc 3.2.7 533.34 OK
r-devel-windows-x86_64 3.2.7 132.00 361.00 493.00 OK
r-devel-windows-x86_64-gcc10-UCRT 3.2.7 OK
r-patched-linux-x86_64 3.2.7 101.16 302.57 403.73 OK
r-patched-solaris-x86 3.2.7 630.40 OK
r-release-linux-x86_64 3.2.7 106.96 305.75 412.71 OK
r-release-macos-arm64 3.2.6 NOTE
r-release-macos-x86_64 3.2.7 NOTE
r-release-windows-ix86+x86_64 3.2.7 167.00 502.00 669.00 OK
r-oldrel-macos-x86_64 3.2.7 NOTE
r-oldrel-windows-ix86+x86_64 3.2.7 146.00 370.00 516.00 OK

Check Details

Version: 3.2.7
Check: installed package size
Result: NOTE
     installed size is 14.6Mb
     sub-directories of 1Mb or more:
     libs 14.2Mb
Flavors: r-devel-linux-x86_64-fedora-clang, r-release-macos-x86_64, r-oldrel-macos-x86_64

Version: 3.2.6
Check: installed package size
Result: NOTE
     installed size is 19.2Mb
     sub-directories of 1Mb or more:
     libs 18.8Mb
Flavor: r-release-macos-arm64