CRAN Package Check Results for Package PROMETHEE

Last updated on 2021-09-20 16:50:51 CEST.

Flavor Version Tinstall Tcheck Ttotal Status Flags
r-devel-linux-x86_64-debian-clang 1.1 2.73 28.88 31.61 OK
r-devel-linux-x86_64-debian-gcc 1.1 2.42 22.25 24.67 OK
r-devel-linux-x86_64-fedora-clang 1.1 47.57 OK
r-devel-linux-x86_64-fedora-gcc 1.1 37.01 OK
r-devel-windows-x86_64 1.1 5.00 35.00 40.00 OK
r-devel-windows-x86_64-gcc10-UCRT 1.1 ERROR
r-patched-linux-x86_64 1.1 2.77 27.68 30.45 OK
r-patched-solaris-x86 1.1 52.70 OK
r-release-linux-x86_64 1.1 2.58 27.61 30.19 OK
r-release-macos-arm64 1.1 OK
r-release-macos-x86_64 1.1 OK
r-release-windows-ix86+x86_64 1.1 6.00 48.00 54.00 OK
r-oldrel-macos-x86_64 1.1 OK
r-oldrel-windows-ix86+x86_64 1.1 6.00 34.00 40.00 OK

Check Details

Version: 1.1
Check: whether package can be installed
Result: WARN
    Found the following significant warnings:
     WARNING: installation-time patches will not be applied, could not get the patches index
Flavor: r-devel-windows-x86_64-gcc10-UCRT

Version: 1.1
Check: PDF version of manual
Result: WARN
    LaTeX errors when creating PDF version.
    This typically indicates Rd problems.
Flavor: r-devel-windows-x86_64-gcc10-UCRT

Version: 1.1
Check: PDF version of manual without hyperrefs or index
Result: ERROR
    Re-running with no redirection of stdout/stderr.
Flavor: r-devel-windows-x86_64-gcc10-UCRT