CRAN Package Check Results for Package PRISM.forecast

Last updated on 2023-02-04 17:52:39 CET.

Flavor Version Tinstall Tcheck Ttotal Status Flags
r-devel-linux-x86_64-debian-clang 0.2.1 3.37 37.40 40.77 NOTE
r-devel-linux-x86_64-debian-gcc 0.2.1 2.42 27.94 30.36 NOTE
r-devel-linux-x86_64-fedora-clang 0.2.1 47.72 NOTE
r-devel-linux-x86_64-fedora-gcc 0.2.1 51.59 NOTE
r-devel-windows-x86_64 0.2.1 530.00 74.00 604.00 NOTE
r-patched-linux-x86_64 0.2.1 3.12 35.06 38.18 NOTE
r-release-linux-x86_64 0.2.1 3.31 36.15 39.46 NOTE
r-release-macos-arm64 0.2.1 21.00 NOTE
r-release-macos-x86_64 0.2.1 30.00 NOTE
r-release-windows-x86_64 0.2.1 402.00 81.00 483.00 NOTE
r-oldrel-macos-arm64 0.2.1 23.00 NOTE
r-oldrel-macos-x86_64 0.2.1 36.00 NOTE
r-oldrel-windows-ix86+x86_64 0.2.1 8.00 63.00 71.00 NOTE

Check Details

Version: 0.2.1
Check: LazyData
Result: NOTE
     'LazyData' is specified without a 'data' directory
Flavors: r-devel-linux-x86_64-debian-clang, r-devel-linux-x86_64-debian-gcc, r-devel-linux-x86_64-fedora-clang, r-devel-linux-x86_64-fedora-gcc, r-devel-windows-x86_64, r-patched-linux-x86_64, r-release-linux-x86_64, r-release-macos-arm64, r-release-macos-x86_64, r-release-windows-x86_64, r-oldrel-macos-arm64, r-oldrel-macos-x86_64, r-oldrel-windows-ix86+x86_64