CRAN Package Check Results for Package PPforest

Last updated on 2022-01-25 00:49:58 CET.

Flavor Version Tinstall Tcheck Ttotal Status Flags
r-devel-linux-x86_64-debian-clang 0.1.2 48.15 105.89 154.04 OK
r-devel-linux-x86_64-debian-gcc 0.1.2 34.67 78.59 113.26 OK
r-devel-linux-x86_64-fedora-clang 0.1.2 195.09 OK
r-devel-linux-x86_64-fedora-gcc 0.1.2 179.36 OK
r-devel-windows-x86_64-new-UL 0.1.2 83.00 178.00 261.00 OK
r-devel-windows-x86_64-new-TK 0.1.2 OK
r-patched-linux-x86_64 0.1.2 39.94 87.88 127.82 OK
r-release-linux-x86_64 0.1.2 44.48 87.01 131.49 OK
r-release-macos-arm64 0.1.2 NOTE
r-release-macos-x86_64 0.1.2 NOTE
r-release-windows-ix86+x86_64 0.1.2 110.00 170.00 280.00 OK
r-oldrel-macos-x86_64 0.1.2 NOTE
r-oldrel-windows-ix86+x86_64 0.1.2 108.00 172.00 280.00 OK

Check Details

Version: 0.1.2
Check: installed package size
Result: NOTE
     installed size is 6.4Mb
     sub-directories of 1Mb or more:
     libs 5.2Mb
Flavors: r-release-macos-arm64, r-release-macos-x86_64, r-oldrel-macos-x86_64