CRAN Package Check Results for Package PPMR

Last updated on 2022-01-28 00:49:04 CET.

Flavor Version Tinstall Tcheck Ttotal Status Flags
r-devel-linux-x86_64-debian-clang 1.0 62.26 35.20 97.46 OK
r-devel-linux-x86_64-debian-gcc 1.0 45.02 27.40 72.42 OK
r-devel-linux-x86_64-fedora-clang 1.0 134.84 OK
r-devel-linux-x86_64-fedora-gcc 1.0 116.23 OK
r-devel-windows-x86_64-new-UL 1.0 57.00 76.00 133.00 OK
r-devel-windows-x86_64-new-TK 1.0 OK
r-patched-linux-x86_64 1.0 49.64 33.56 83.20 OK
r-release-linux-x86_64 1.0 48.41 33.41 81.82 OK
r-release-macos-arm64 1.0 NOTE
r-release-macos-x86_64 1.0 OK
r-release-windows-ix86+x86_64 1.0 136.00 72.00 208.00 OK
r-oldrel-macos-x86_64 1.0 OK
r-oldrel-windows-ix86+x86_64 1.0 136.00 70.00 206.00 OK

Check Details

Version: 1.0
Check: installed package size
Result: NOTE
     installed size is 5.4Mb
     sub-directories of 1Mb or more:
     libs 5.2Mb
Flavor: r-release-macos-arm64