CRAN Package Check Results for Package PLSiMCpp

Last updated on 2022-07-03 05:49:57 CEST.

Flavor Version Tinstall Tcheck Ttotal Status Flags
r-devel-linux-x86_64-debian-clang 1.0.2 53.68 58.98 112.66 OK
r-devel-linux-x86_64-debian-gcc 1.0.2 42.40 44.36 86.76 OK
r-devel-linux-x86_64-fedora-clang 1.0.2 162.33 OK
r-devel-linux-x86_64-fedora-gcc 1.0.2 152.08 OK
r-devel-windows-x86_64 1.0.2 51.00 105.00 156.00 OK
r-patched-linux-x86_64 1.0.2 44.73 58.77 103.50 OK
r-release-linux-x86_64 1.0.2 43.49 57.44 100.93 OK
r-release-macos-arm64 1.0.2 42.00 NOTE
r-release-macos-x86_64 1.0.2 56.00 NOTE
r-release-windows-x86_64 1.0.2 56.00 107.00 163.00 OK
r-oldrel-macos-arm64 1.0.2 41.00 NOTE
r-oldrel-macos-x86_64 1.0.2 53.00 NOTE
r-oldrel-windows-ix86+x86_64 1.0.2 119.00 124.00 243.00 OK

Check Details

Version: 1.0.2
Check: installed package size
Result: NOTE
     installed size is 5.6Mb
     sub-directories of 1Mb or more:
     libs 5.4Mb
Flavors: r-release-macos-arm64, r-release-macos-x86_64, r-oldrel-macos-arm64, r-oldrel-macos-x86_64