CRAN Package Check Results for Package PLMIX

Last updated on 2021-12-06 23:50:55 CET.

Flavor Version Tinstall Tcheck Ttotal Status Flags
r-devel-linux-x86_64-debian-clang 2.1.1 174.47 176.52 350.99 OK
r-devel-linux-x86_64-debian-gcc 2.1.1 117.89 132.10 249.99 OK
r-devel-linux-x86_64-fedora-clang 2.1.1 525.63 NOTE
r-devel-linux-x86_64-fedora-gcc 2.1.1 453.00 NOTE
r-devel-windows-x86_64-new-UL 2.1.1 220.00 256.00 476.00 OK
r-devel-windows-x86_64-new-TK 2.1.1 NOTE
r-devel-windows-x86_64-old 2.1.1 230.00 169.00 399.00 OK
r-patched-linux-x86_64 2.1.1 149.32 157.81 307.13 OK
r-release-linux-x86_64 2.1.1 146.40 167.12 313.52 OK
r-release-macos-arm64 2.1.1 NOTE
r-release-macos-x86_64 2.1.1 NOTE
r-release-windows-ix86+x86_64 2.1.1 410.00 321.00 731.00 OK
r-oldrel-macos-x86_64 2.1.1 NOTE
r-oldrel-windows-ix86+x86_64 2.1.1 432.00 321.00 753.00 OK

Check Details

Version: 2.1.1
Check: dependencies in R code
Result: NOTE
    Namespaces in Imports field not imported from:
     ‘PlackettLuce’ ‘StatRank’ ‘pmr’ ‘prefmod’ ‘rankdist’
     All declared Imports should be used.
Flavors: r-devel-linux-x86_64-fedora-clang, r-devel-linux-x86_64-fedora-gcc, r-devel-windows-x86_64-new-TK, r-release-macos-arm64, r-release-macos-x86_64, r-oldrel-macos-x86_64