CRAN Package Check Results for Package PHInfiniteEstimates

Last updated on 2021-09-23 04:56:38 CEST.

Flavor Version Tinstall Tcheck Ttotal Status Flags
r-devel-linux-x86_64-debian-clang 2.0 10.87 96.84 107.71 OK
r-devel-linux-x86_64-debian-gcc 2.0 9.57 72.57 82.14 OK
r-devel-linux-x86_64-fedora-clang 2.0 135.28 OK
r-devel-linux-x86_64-fedora-gcc 2.0 123.83 OK
r-devel-windows-x86_64 2.0 13.00 88.00 101.00 OK
r-devel-windows-x86_64-gcc10-UCRT 2.0 ERROR
r-patched-linux-x86_64 2.0 11.24 89.45 100.69 OK
r-patched-solaris-x86 2.0 177.80 OK
r-release-linux-x86_64 2.0 11.28 89.98 101.26 OK
r-release-macos-arm64 2.0 OK
r-release-macos-x86_64 2.0 OK
r-release-windows-ix86+x86_64 2.0 24.00 115.00 139.00 OK
r-oldrel-macos-x86_64 2.0 OK
r-oldrel-windows-ix86+x86_64 2.0 19.00 93.00 112.00 OK

Check Details

Version: 2.0
Check: PDF version of manual
Result: WARN
    LaTeX errors when creating PDF version.
    This typically indicates Rd problems.
Flavor: r-devel-windows-x86_64-gcc10-UCRT

Version: 2.0
Check: PDF version of manual without hyperrefs or index
Result: ERROR
    Re-running with no redirection of stdout/stderr.
Flavor: r-devel-windows-x86_64-gcc10-UCRT