CRAN Package Check Results for Package PDM

Last updated on 2021-09-26 04:50:40 CEST.

Flavor Version Tinstall Tcheck Ttotal Status Flags
r-devel-linux-x86_64-debian-clang 0.1 1.77 20.33 22.10 NOTE
r-devel-linux-x86_64-debian-gcc 0.1 1.45 16.69 18.14 NOTE
r-devel-linux-x86_64-fedora-clang 0.1 36.51 NOTE
r-devel-linux-x86_64-fedora-gcc 0.1 25.96 NOTE
r-devel-windows-x86_64 0.1 3.00 27.00 30.00 NOTE
r-devel-windows-x86_64-gcc10-UCRT 0.1 NOTE
r-patched-linux-x86_64 0.1 1.84 19.81 21.65 NOTE
r-patched-solaris-x86 0.1 41.60 NOTE
r-release-linux-x86_64 0.1 1.52 19.75 21.27 NOTE
r-release-macos-arm64 0.1 NOTE
r-release-macos-x86_64 0.1 NOTE
r-release-windows-ix86+x86_64 0.1 4.00 35.00 39.00 NOTE
r-oldrel-macos-x86_64 0.1 OK
r-oldrel-windows-ix86+x86_64 0.1 3.00 33.00 36.00 OK

Check Details

Version: 0.1
Check: LazyData
Result: NOTE
     'LazyData' is specified without a 'data' directory
Flavors: r-devel-linux-x86_64-debian-clang, r-devel-linux-x86_64-debian-gcc, r-devel-linux-x86_64-fedora-clang, r-devel-linux-x86_64-fedora-gcc, r-devel-windows-x86_64, r-devel-windows-x86_64-gcc10-UCRT, r-patched-linux-x86_64, r-patched-solaris-x86, r-release-linux-x86_64, r-release-macos-arm64, r-release-macos-x86_64, r-release-windows-ix86+x86_64