CRAN Package Check Results for Package PCMBaseCpp

Last updated on 2022-07-05 05:52:58 CEST.

Flavor Version Tinstall Tcheck Ttotal Status Flags
r-devel-linux-x86_64-debian-clang 0.1.9 146.58 439.10 585.68 OK
r-devel-linux-x86_64-debian-gcc 0.1.9 138.58 309.76 448.34 OK
r-devel-linux-x86_64-fedora-clang 0.1.9 722.24 NOTE
r-devel-linux-x86_64-fedora-gcc 0.1.9 762.98 OK
r-devel-windows-x86_64 0.1.9 132.00 484.00 616.00 OK
r-patched-linux-x86_64 0.1.9 156.96 405.27 562.23 OK
r-release-linux-x86_64 0.1.9 151.16 408.59 559.75 OK
r-release-macos-arm64 0.1.9 163.00 NOTE
r-release-macos-x86_64 0.1.9 302.00 NOTE
r-release-windows-x86_64 0.1.9 182.00 458.00 640.00 OK
r-oldrel-macos-arm64 0.1.9 178.00 NOTE
r-oldrel-macos-x86_64 0.1.9 285.00 NOTE
r-oldrel-windows-ix86+x86_64 0.1.9 344.00 717.00 1061.00 NOTE

Check Details

Version: 0.1.9
Check: installed package size
Result: NOTE
     installed size is 24.6Mb
     sub-directories of 1Mb or more:
     libs 23.5Mb
Flavors: r-devel-linux-x86_64-fedora-clang, r-release-macos-arm64, r-release-macos-x86_64, r-oldrel-macos-arm64, r-oldrel-macos-x86_64, r-oldrel-windows-ix86+x86_64