CRAN Package Check Results for Package PCMBaseCpp

Last updated on 2021-05-10 05:47:50 CEST.

Flavor Version Tinstall Tcheck Ttotal Status Flags
r-devel-linux-x86_64-debian-clang 0.1.9 149.58 384.88 534.46 OK
r-devel-linux-x86_64-debian-gcc 0.1.9 139.39 279.31 418.70 OK
r-devel-linux-x86_64-fedora-clang 0.1.9 665.11 NOTE
r-devel-linux-x86_64-fedora-gcc 0.1.9 705.99 OK
r-devel-windows-ix86+x86_64 0.1.9 310.00 690.00 1000.00 NOTE
r-devel-windows-x86_64-gcc10-UCRT 0.1.9 OK
r-patched-linux-x86_64 0.1.9 154.36 362.89 517.25 OK
r-patched-solaris-x86 0.1.9 772.40 OK
r-release-linux-x86_64 0.1.9 156.37 364.93 521.30 OK
r-release-macos-x86_64 0.1.9 NOTE
r-release-windows-ix86+x86_64 0.1.9 257.00 545.00 802.00 NOTE
r-oldrel-macos-x86_64 0.1.9 NOTE
r-oldrel-windows-ix86+x86_64 0.1.9 398.00 627.00 1025.00 NOTE

Check Details

Version: 0.1.9
Check: installed package size
Result: NOTE
     installed size is 27.7Mb
     sub-directories of 1Mb or more:
     libs 26.5Mb
Flavors: r-devel-linux-x86_64-fedora-clang, r-devel-windows-ix86+x86_64, r-release-macos-x86_64, r-release-windows-ix86+x86_64, r-oldrel-macos-x86_64, r-oldrel-windows-ix86+x86_64