CRAN Package Check Results for Package PCMBaseCpp

Last updated on 2022-01-27 12:53:57 CET.

Flavor Version Tinstall Tcheck Ttotal Status Flags
r-devel-linux-x86_64-debian-clang 0.1.9 149.87 419.63 569.50 OK
r-devel-linux-x86_64-debian-gcc 0.1.9 128.38 304.83 433.21 OK
r-devel-linux-x86_64-fedora-clang 0.1.9 690.84 NOTE
r-devel-linux-x86_64-fedora-gcc 0.1.9 738.58 OK
r-devel-windows-x86_64-new-UL 0.1.9 148.00 456.00 604.00 OK
r-devel-windows-x86_64-new-TK 0.1.9 OK
r-patched-linux-x86_64 0.1.9 154.97 378.14 533.11 OK
r-release-linux-x86_64 0.1.9 138.67 371.48 510.15 OK
r-release-macos-arm64 0.1.9 NOTE
r-release-macos-x86_64 0.1.9 NOTE
r-release-windows-ix86+x86_64 0.1.9 340.00 693.00 1033.00 NOTE
r-oldrel-macos-x86_64 0.1.9 NOTE
r-oldrel-windows-ix86+x86_64 0.1.9 173.00 9.00 182.00 ERROR

Check Details

Version: 0.1.9
Check: installed package size
Result: NOTE
     installed size is 28.3Mb
     sub-directories of 1Mb or more:
     libs 27.1Mb
Flavors: r-devel-linux-x86_64-fedora-clang, r-release-macos-arm64, r-release-macos-x86_64, r-release-windows-ix86+x86_64, r-oldrel-macos-x86_64

Version: 0.1.9
Check: whether package can be installed
Result: ERROR
    Installation failed.
Flavor: r-oldrel-windows-ix86+x86_64