CRAN Package Check Results for Package OwenQ

Last updated on 2022-08-14 09:52:11 CEST.

Flavor Version Tinstall Tcheck Ttotal Status Flags
r-devel-linux-x86_64-debian-clang 1.0.5 57.71 260.27 317.98 OK
r-devel-linux-x86_64-debian-gcc 1.0.5 55.11 193.72 248.83 OK
r-devel-linux-x86_64-fedora-clang 1.0.5 408.43 NOTE
r-devel-linux-x86_64-fedora-gcc 1.0.5 407.81 OK
r-devel-windows-x86_64 1.0.5 52.00 303.00 355.00 OK
r-patched-linux-x86_64 1.0.5 63.68 249.03 312.71 OK
r-release-linux-x86_64 1.0.5 60.29 254.33 314.62 OK
r-release-macos-arm64 1.0.5 79.00 NOTE
r-release-macos-x86_64 1.0.5 118.00 NOTE
r-release-windows-x86_64 1.0.5 58.00 310.00 368.00 OK
r-oldrel-macos-arm64 1.0.5 78.00 NOTE
r-oldrel-macos-x86_64 1.0.5 127.00 NOTE
r-oldrel-windows-ix86+x86_64 1.0.5 159.00 339.00 498.00 OK

Check Details

Version: 1.0.5
Check: installed package size
Result: NOTE
     installed size is 8.0Mb
     sub-directories of 1Mb or more:
     libs 7.6Mb
Flavors: r-devel-linux-x86_64-fedora-clang, r-release-macos-arm64, r-release-macos-x86_64, r-oldrel-macos-arm64, r-oldrel-macos-x86_64