CRAN Package Check Results for Package OpenStreetMap

Last updated on 2021-08-01 19:51:37 CEST.

Flavor Version Tinstall Tcheck Ttotal Status Flags
r-devel-linux-x86_64-debian-clang 0.3.4 13.73 119.41 133.14 OK
r-devel-linux-x86_64-debian-gcc 0.3.4 10.71 88.03 98.74 OK
r-devel-linux-x86_64-fedora-clang 0.3.4 169.55 OK
r-devel-linux-x86_64-fedora-gcc 0.3.4 156.15 OK
r-devel-windows-x86_64 0.3.4 17.00 138.00 155.00 OK
r-devel-windows-x86_64-gcc10-UCRT 0.3.4 OK
r-patched-linux-x86_64 0.3.4 OK
r-patched-solaris-x86 0.3.4 241.90 OK
r-release-linux-x86_64 0.3.4 15.14 111.20 126.34 OK
r-release-macos-arm64 0.3.4 ERROR
r-release-macos-x86_64 0.3.4 OK
r-release-windows-ix86+x86_64 0.3.4 31.00 99.00 130.00 OK
r-oldrel-macos-x86_64 0.3.4 OK
r-oldrel-windows-ix86+x86_64 0.3.4 21.00 138.00 159.00 OK

Check Details

Version: 0.3.4
Check: whether package can be installed
Result: ERROR
    Installation failed.
Flavor: r-release-macos-arm64