Last updated on 2023-03-31 05:54:30 CEST.
Flavor | Version | Tinstall | Tcheck | Ttotal | Status | Flags |
---|---|---|---|---|---|---|
r-devel-linux-x86_64-debian-clang | 0.1.12 | 21.15 | 129.44 | 150.59 | WARN | |
r-devel-linux-x86_64-debian-gcc | 0.1.12 | 14.19 | 97.78 | 111.97 | WARN | |
r-devel-linux-x86_64-fedora-clang | 0.1.12 | 181.44 | WARN | |||
r-devel-linux-x86_64-fedora-gcc | 0.1.12 | 181.55 | WARN | |||
r-devel-windows-x86_64 | 0.1.12 | 227.00 | 201.00 | 428.00 | WARN | |
r-patched-linux-x86_64 | 0.1.12 | 25.92 | 123.62 | 149.54 | WARN | |
r-release-linux-x86_64 | 0.1.12 | 21.71 | 118.20 | 139.91 | WARN | |
r-release-macos-arm64 | 0.1.12 | 62.00 | OK | |||
r-release-macos-x86_64 | 0.1.12 | 99.00 | OK | |||
r-release-windows-x86_64 | 0.1.12 | 182.00 | 164.00 | 346.00 | WARN | |
r-oldrel-macos-arm64 | 0.1.12 | 106.00 | OK | |||
r-oldrel-macos-x86_64 | 0.1.12 | 121.00 | OK | |||
r-oldrel-windows-ix86+x86_64 | 0.1.12 | 35.00 | 142.00 | 177.00 | WARN |
Version: 0.1.12
Check: whether package can be installed
Result: WARN
Found the following significant warnings:
Warning: replacing previous import ‘GPArotation::equamax’ by ‘psych::equamax’ when loading ‘OpenRepGrid’
Warning: replacing previous import ‘GPArotation::varimin’ by ‘psych::varimin’ when loading ‘OpenRepGrid’
Flavors: r-devel-linux-x86_64-debian-clang, r-devel-linux-x86_64-debian-gcc, r-devel-linux-x86_64-fedora-clang, r-devel-linux-x86_64-fedora-gcc, r-devel-windows-x86_64, r-patched-linux-x86_64, r-release-linux-x86_64, r-release-windows-x86_64, r-oldrel-windows-ix86+x86_64