CRAN Package Check Results for Package OpenImageR

Last updated on 2022-01-23 12:59:47 CET.

Flavor Version Tinstall Tcheck Ttotal Status Flags
r-devel-linux-x86_64-debian-clang 1.2.0 69.80 109.68 179.48 OK
r-devel-linux-x86_64-debian-gcc 1.2.0 50.57 87.56 138.13 OK
r-devel-linux-x86_64-fedora-clang 1.2.0 222.50 NOTE
r-devel-linux-x86_64-fedora-gcc 1.2.0 216.25 OK
r-devel-windows-x86_64-new-UL 1.2.0 186.00 173.00 359.00 OK
r-devel-windows-x86_64-new-TK 1.2.0 OK
r-patched-linux-x86_64 1.2.0 52.47 103.17 155.64 OK
r-release-linux-x86_64 1.2.0 60.94 103.00 163.94 OK
r-release-macos-arm64 1.2.0 NOTE
r-release-macos-x86_64 1.2.0 NOTE
r-release-windows-ix86+x86_64 1.2.0 132.00 196.00 328.00 NOTE
r-oldrel-macos-x86_64 1.2.0 NOTE
r-oldrel-windows-ix86+x86_64 1.2.0 132.00 190.00 322.00 NOTE

Check Details

Version: 1.2.0
Check: installed package size
Result: NOTE
     installed size is 8.0Mb
     sub-directories of 1Mb or more:
     doc 2.2Mb
     libs 5.2Mb
Flavors: r-devel-linux-x86_64-fedora-clang, r-release-macos-arm64, r-release-macos-x86_64, r-release-windows-ix86+x86_64, r-oldrel-macos-x86_64, r-oldrel-windows-ix86+x86_64