Last updated on 2022-05-24 02:52:45 CEST.
Flavor | Version | Tinstall | Tcheck | Ttotal | Status | Flags |
---|---|---|---|---|---|---|
r-devel-linux-x86_64-debian-clang | 0.1.1 | 22.41 | 303.82 | 326.23 | OK | |
r-devel-linux-x86_64-debian-gcc | 0.1.1 | 16.92 | 219.92 | 236.84 | OK | |
r-devel-linux-x86_64-fedora-clang | 0.1.1 | 373.67 | NOTE | |||
r-devel-linux-x86_64-fedora-gcc | 0.1.1 | 369.95 | OK | |||
r-devel-windows-x86_64 | 0.1.1 | 33.00 | 299.00 | 332.00 | OK | |
r-patched-linux-x86_64 | 0.1.1 | 23.98 | 279.51 | 303.49 | OK | |
r-release-linux-x86_64 | 0.1.1 | OK | ||||
r-release-macos-arm64 | 0.1.1 | 93.00 | OK | |||
r-release-macos-x86_64 | 0.1.1 | 159.00 | OK | |||
r-release-windows-x86_64 | 0.1.1 | 47.00 | 314.00 | 361.00 | OK | |
r-oldrel-macos-arm64 | 0.1.1 | 114.00 | OK | |||
r-oldrel-macos-x86_64 | 0.1.1 | 144.00 | OK | |||
r-oldrel-windows-ix86+x86_64 | 0.1.1 | 45.00 | 310.00 | 355.00 | OK |
Version: 0.1.1
Check: Rd cross-references
Result: NOTE
Undeclared package ‘survey’ in Rd xrefs
Flavor: r-devel-linux-x86_64-fedora-clang