CRAN Package Check Results for Package OSMscale

Last updated on 2021-09-21 16:51:38 CEST.

Flavor Version Tinstall Tcheck Ttotal Status Flags
r-devel-linux-x86_64-debian-clang 0.5.1 14.41 120.86 135.27 OK
r-devel-linux-x86_64-debian-gcc 0.5.1 10.51 90.18 100.69 OK
r-devel-linux-x86_64-fedora-clang 0.5.1 171.37 OK
r-devel-linux-x86_64-fedora-gcc 0.5.1 155.67 OK
r-devel-windows-x86_64 0.5.1 16.00 105.00 121.00 OK
r-devel-windows-x86_64-gcc10-UCRT 0.5.1 ERROR
r-patched-linux-x86_64 0.5.1 14.75 114.46 129.21 OK
r-patched-solaris-x86 0.5.1 228.00 OK
r-release-linux-x86_64 0.5.1 12.46 114.97 127.43 OK
r-release-macos-arm64 0.5.1 OK
r-release-macos-x86_64 0.5.1 OK
r-release-windows-ix86+x86_64 0.5.1 29.00 138.00 167.00 OK
r-oldrel-macos-x86_64 0.5.1 OK
r-oldrel-windows-ix86+x86_64 0.5.1 30.00 102.00 132.00 OK

Check Details

Version: 0.5.1
Check: whether package can be installed
Result: WARN
    Found the following significant warnings:
     WARNING: installation-time patches will not be applied, could not get the patches index
Flavor: r-devel-windows-x86_64-gcc10-UCRT

Version: 0.5.1
Check: PDF version of manual
Result: WARN
    LaTeX errors when creating PDF version.
    This typically indicates Rd problems.
Flavor: r-devel-windows-x86_64-gcc10-UCRT

Version: 0.5.1
Check: PDF version of manual without hyperrefs or index
Result: ERROR
    Re-running with no redirection of stdout/stderr.
Flavor: r-devel-windows-x86_64-gcc10-UCRT