Last updated on 2023-03-31 17:49:32 CEST.
Flavor | Version | Tinstall | Tcheck | Ttotal | Status | Flags |
---|---|---|---|---|---|---|
r-devel-linux-x86_64-debian-clang | 1.0.0 | 4.81 | 69.94 | 74.75 | OK | |
r-devel-linux-x86_64-debian-gcc | 1.0.0 | 4.56 | 53.28 | 57.84 | OK | |
r-devel-linux-x86_64-fedora-clang | 1.0.0 | 91.80 | NOTE | |||
r-devel-linux-x86_64-fedora-gcc | 1.0.0 | 93.10 | OK | |||
r-devel-windows-x86_64 | 1.0.0 | 50.00 | 107.00 | 157.00 | OK | |
r-patched-linux-x86_64 | 1.0.0 | 12.49 | 67.08 | 79.57 | OK | |
r-release-linux-x86_64 | 1.0.0 | 3.83 | 67.76 | 71.59 | OK | |
r-release-macos-arm64 | 1.0.0 | 29.00 | OK | |||
r-release-macos-x86_64 | 1.0.0 | 41.00 | OK | |||
r-release-windows-x86_64 | 1.0.0 | 42.00 | 105.00 | 147.00 | OK | |
r-oldrel-macos-arm64 | 1.0.0 | 28.00 | OK | |||
r-oldrel-macos-x86_64 | 1.0.0 | 44.00 | OK | |||
r-oldrel-windows-ix86+x86_64 | 1.0.0 | 15.00 | 96.00 | 111.00 | OK |
Version: 1.0.0
Check: Rd cross-references
Result: NOTE
Undeclared package ‘knitr’ in Rd xrefs
Flavor: r-devel-linux-x86_64-fedora-clang