CRAN Package Check Results for Package OSDR

Last updated on 2021-10-28 05:50:35 CEST.

Flavor Version Tinstall Tcheck Ttotal Status Flags
r-devel-linux-x86_64-debian-clang 1.1.3 1.84 23.21 25.05 OK
r-devel-linux-x86_64-debian-gcc 1.1.3 1.41 18.52 19.93 OK
r-devel-linux-x86_64-fedora-clang 1.1.3 41.58 NOTE
r-devel-linux-x86_64-fedora-gcc 1.1.3 30.96 OK
r-devel-windows-x86_64 1.1.3 4.00 45.00 49.00 OK
r-devel-windows-x86_64-gcc10-UCRT 1.1.3 OK
r-patched-linux-x86_64 1.1.3 1.92 22.68 24.60 OK
r-patched-solaris-x86 1.1.3 48.40 OK
r-release-linux-x86_64 1.1.3 1.86 22.78 24.64 OK
r-release-macos-arm64 1.1.3 OK
r-release-macos-x86_64 1.1.3 OK
r-release-windows-ix86+x86_64 1.1.3 4.00 43.00 47.00 OK
r-oldrel-macos-x86_64 1.1.3 OK
r-oldrel-windows-ix86+x86_64 1.1.3 4.00 41.00 45.00 OK

Check Details

Version: 1.1.3
Check: Rd cross-references
Result: NOTE
    Undeclared package ‘maxmatching’ in Rd xrefs
Flavor: r-devel-linux-x86_64-fedora-clang