Last updated on 2022-07-07 05:56:07 CEST.
Flavor | Version | Tinstall | Tcheck | Ttotal | Status | Flags |
---|---|---|---|---|---|---|
r-devel-linux-x86_64-debian-clang | 0.5.3 | 3.23 | 28.54 | 31.77 | OK | |
r-devel-linux-x86_64-debian-gcc | 0.5.3 | 2.77 | 22.89 | 25.66 | OK | |
r-devel-linux-x86_64-fedora-clang | 0.5.3 | 49.41 | NOTE | |||
r-devel-linux-x86_64-fedora-gcc | 0.5.3 | 47.40 | NOTE | |||
r-devel-windows-x86_64 | 0.5.3 | 15.00 | 65.00 | 80.00 | OK | |
r-patched-linux-x86_64 | 0.5.3 | 3.34 | 27.90 | 31.24 | OK | |
r-release-linux-x86_64 | 0.5.3 | 2.89 | 27.85 | 30.74 | OK | |
r-release-macos-arm64 | 0.5.3 | 21.00 | NOTE | |||
r-release-macos-x86_64 | 0.5.3 | 29.00 | NOTE | |||
r-release-windows-x86_64 | 0.5.3 | 20.00 | 64.00 | 84.00 | OK | |
r-oldrel-macos-arm64 | 0.5.3 | 25.00 | NOTE | |||
r-oldrel-macos-x86_64 | 0.5.3 | 30.00 | NOTE | |||
r-oldrel-windows-ix86+x86_64 | 0.5.3 | 8.00 | 52.00 | 60.00 | OK |
Version: 0.5.3
Check: dependencies in R code
Result: NOTE
Namespace in Imports field not imported from: ‘R6’
All declared Imports should be used.
Flavors: r-devel-linux-x86_64-fedora-clang, r-devel-linux-x86_64-fedora-gcc, r-release-macos-arm64, r-release-macos-x86_64, r-oldrel-macos-arm64, r-oldrel-macos-x86_64